{"id":865,"date":"2025-11-10T19:05:36","date_gmt":"2025-11-10T19:05:36","guid":{"rendered":"https:\/\/powerchip.com.br\/?post_type=product&#038;p=865"},"modified":"2026-03-03T16:54:23","modified_gmt":"2026-03-03T16:54:23","slug":"arquivos-decode-imoof-sem-imobilizador-e-original-sim2k-241-hardware-kr774452_c03-ecu-sim2k-241-sw-version-kr77445109-calibration-lm7bpfksf92b-cvn-9e3f0d56","status":"publish","type":"product","link":"https:\/\/powerchip.com.br\/index.php\/produto\/arquivos-decode-imoof-sem-imobilizador-e-original-sim2k-241-hardware-kr774452_c03-ecu-sim2k-241-sw-version-kr77445109-calibration-lm7bpfksf92b-cvn-9e3f0d56\/","title":{"rendered":"Arquivos para  Decode ( imoof , sem imobilizador ) e original, SIM2K-241 Hardware: KR774452_C03, ECU: SIM2K-241, SW Version: KR77445109, Calibration: LM7BPFKSF92B, CVN: 9E3F0D56"},"content":{"rendered":"<p>Arquivos Decode ( imoof , sem imobilizador ) e original, SIM2K-241 Hardware: KR774452_C03, ECU: SIM2K-241, SW Version: KR77445109, Calibration: LM7BPFKSF92B, CVN: 9E3F0D56<\/p>\n<p>LM7BPFKSF92B<\/p>\n<p>Kess faz leitura e grava\u00e7\u00e3o total , sem abrir a central em bancada . SE MESMO SW<\/p>\n<p>Arquivo n\u00e3o precisa de\u00a0 modifica\u00e7\u00f5es , somente precisa gerar um novo transponder T5 para a chave.<\/p>\n<p>&nbsp;<\/p>\n<p>* ATEN\u00c7\u00c3O N\u00c3O SOMOS RESPONS\u00c1VEIS\u00a0 POR MODULOS BLOQUEADOS\u00a0 ETC, TRABALHE COM ATEN\u00c7\u00c3O E SEGURAN\u00c7A DEVIDO AO SISTEMA DE BOOT AO LADO DO PROCESSADOR TRICORE.*<\/p>\n<p>Voc\u00ea receber\u00e1 ap\u00f3s pagar UM LINK com arquivo compactado contendo:<\/p>\n<p>02 ARQUIVOS:<\/p>\n<p>01 ORIGINAL\u00a0 MPC TRICORE.<\/p>\n<p>01\u00a0 DECODE IMOOF SEM IMOBILIZADOR PARA\u00a0 MPC. TRICORE. Checksum corrigido.<\/p>\n<p>&nbsp;<\/p>\n<p>DUVIDAS? Mande um e-mail ou chame no WhatsApp. (16)991342577<\/p>\n<p><a href=\"https:\/\/powerchip.com.br\/index.php\/arquivo-destinado-a-profissionais\/\">Arquivo destinado a profissionais<\/a>.<\/p>\n<p><a href=\"https:\/\/powerchip.com.br\/index.php\/como-usar-o-arquivo-comprado\/\">Como usar o arquivo<\/a>.<\/p>\n<p><a href=\"https:\/\/powerchip.com.br\/index.php\/como-comprar\/\">Como comprar<\/a><\/p>\n<p>&nbsp;<\/p>\n<p>&nbsp;<\/p>\n<p><img loading=\"lazy\" decoding=\"async\" class=\"alignnone size-medium wp-image-867\" src=\"https:\/\/powerchip.com.br\/wp-content\/uploads\/2025\/11\/39150-2ELM0-2ELMO-2.jpeg\" alt=\"\" width=\"214\" height=\"215\" srcset=\"https:\/\/powerchip.com.br\/wp-content\/uploads\/2025\/11\/39150-2ELM0-2ELMO-2.jpeg 214w, https:\/\/powerchip.com.br\/wp-content\/uploads\/2025\/11\/39150-2ELM0-2ELMO-2-150x150.jpeg 150w, https:\/\/powerchip.com.br\/wp-content\/uploads\/2025\/11\/39150-2ELM0-2ELMO-2-100x100.jpeg 100w\" sizes=\"auto, (max-width: 214px) 100vw, 214px\" \/> <img loading=\"lazy\" decoding=\"async\" class=\"alignnone size-medium wp-image-868\" src=\"https:\/\/powerchip.com.br\/wp-content\/uploads\/2025\/11\/39150-2ELM0-2ELMO--300x133.jpeg\" alt=\"\" width=\"300\" height=\"133\" srcset=\"https:\/\/powerchip.com.br\/wp-content\/uploads\/2025\/11\/39150-2ELM0-2ELMO--300x133.jpeg 300w, https:\/\/powerchip.com.br\/wp-content\/uploads\/2025\/11\/39150-2ELM0-2ELMO-.jpeg 362w\" sizes=\"auto, (max-width: 300px) 100vw, 300px\" \/><img loading=\"lazy\" decoding=\"async\" class=\"alignnone size-medium wp-image-360\" src=\"https:\/\/powerchip.com.br\/wp-content\/uploads\/2025\/10\/foto-de-zip-INJECAO-DECODE--300x198.jpg\" alt=\"\" width=\"300\" height=\"198\" srcset=\"https:\/\/powerchip.com.br\/wp-content\/uploads\/2025\/10\/foto-de-zip-INJECAO-DECODE--300x198.jpg 300w, https:\/\/powerchip.com.br\/wp-content\/uploads\/2025\/10\/foto-de-zip-INJECAO-DECODE--768x506.jpg 768w, https:\/\/powerchip.com.br\/wp-content\/uploads\/2025\/10\/foto-de-zip-INJECAO-DECODE--600x396.jpg 600w, https:\/\/powerchip.com.br\/wp-content\/uploads\/2025\/10\/foto-de-zip-INJECAO-DECODE-.jpg 775w\" sizes=\"auto, (max-width: 300px) 100vw, 300px\" \/><img loading=\"lazy\" decoding=\"async\" class=\"alignnone size-medium wp-image-948\" src=\"https:\/\/powerchip.com.br\/wp-content\/uploads\/2025\/11\/foto-de-zip-original--300x175.jpg\" alt=\"\" width=\"300\" height=\"175\" srcset=\"https:\/\/powerchip.com.br\/wp-content\/uploads\/2025\/11\/foto-de-zip-original--300x175.jpg 300w, https:\/\/powerchip.com.br\/wp-content\/uploads\/2025\/11\/foto-de-zip-original--600x350.jpg 600w, https:\/\/powerchip.com.br\/wp-content\/uploads\/2025\/11\/foto-de-zip-original-.jpg 727w\" sizes=\"auto, (max-width: 300px) 100vw, 300px\" \/><\/p>\n","protected":false},"excerpt":{"rendered":"<p>Arquivos Decode ( imoof , sem imobilizador ) e original, SIM2K-241 Hardware: KR774452_C03, ECU: SIM2K-241, SW Version: KR77445109, Calibration: LM7BPFKSF92B, CVN: 9E3F0D56<\/p>\n<p>&nbsp;<\/p>\n<p><img loading=\"lazy\" decoding=\"async\" class=\"alignnone size-medium wp-image-360\" src=\"https:\/\/powerchip.com.br\/wp-content\/uploads\/2025\/10\/foto-de-zip-INJECAO-DECODE--300x198.jpg\" alt=\"\" width=\"300\" height=\"198\" srcset=\"https:\/\/powerchip.com.br\/wp-content\/uploads\/2025\/10\/foto-de-zip-INJECAO-DECODE--300x198.jpg 300w, https:\/\/powerchip.com.br\/wp-content\/uploads\/2025\/10\/foto-de-zip-INJECAO-DECODE--768x506.jpg 768w, https:\/\/powerchip.com.br\/wp-content\/uploads\/2025\/10\/foto-de-zip-INJECAO-DECODE--600x396.jpg 600w, https:\/\/powerchip.com.br\/wp-content\/uploads\/2025\/10\/foto-de-zip-INJECAO-DECODE-.jpg 775w\" sizes=\"auto, (max-width: 300px) 100vw, 300px\" \/><img loading=\"lazy\" decoding=\"async\" class=\"alignnone size-medium wp-image-867\" src=\"https:\/\/powerchip.com.br\/wp-content\/uploads\/2025\/11\/39150-2ELM0-2ELMO-2.jpeg\" alt=\"\" width=\"214\" height=\"215\" srcset=\"https:\/\/powerchip.com.br\/wp-content\/uploads\/2025\/11\/39150-2ELM0-2ELMO-2.jpeg 214w, https:\/\/powerchip.com.br\/wp-content\/uploads\/2025\/11\/39150-2ELM0-2ELMO-2-150x150.jpeg 150w, https:\/\/powerchip.com.br\/wp-content\/uploads\/2025\/11\/39150-2ELM0-2ELMO-2-100x100.jpeg 100w\" sizes=\"auto, (max-width: 214px) 100vw, 214px\" \/> <img loading=\"lazy\" decoding=\"async\" class=\"alignnone size-medium wp-image-868\" src=\"https:\/\/powerchip.com.br\/wp-content\/uploads\/2025\/11\/39150-2ELM0-2ELMO--300x133.jpeg\" alt=\"\" width=\"300\" height=\"133\" srcset=\"https:\/\/powerchip.com.br\/wp-content\/uploads\/2025\/11\/39150-2ELM0-2ELMO--300x133.jpeg 300w, https:\/\/powerchip.com.br\/wp-content\/uploads\/2025\/11\/39150-2ELM0-2ELMO-.jpeg 362w\" sizes=\"auto, (max-width: 300px) 100vw, 300px\" \/><img loading=\"lazy\" decoding=\"async\" class=\"alignnone size-medium wp-image-948\" src=\"https:\/\/powerchip.com.br\/wp-content\/uploads\/2025\/11\/foto-de-zip-original--300x175.jpg\" alt=\"\" width=\"300\" height=\"175\" srcset=\"https:\/\/powerchip.com.br\/wp-content\/uploads\/2025\/11\/foto-de-zip-original--300x175.jpg 300w, https:\/\/powerchip.com.br\/wp-content\/uploads\/2025\/11\/foto-de-zip-original--600x350.jpg 600w, https:\/\/powerchip.com.br\/wp-content\/uploads\/2025\/11\/foto-de-zip-original-.jpg 727w\" sizes=\"auto, (max-width: 300px) 100vw, 300px\" \/><\/p>\n","protected":false},"featured_media":878,"template":"","meta":{"_joinchat":[]},"product_brand":[],"product_cat":[2079],"product_tag":[810,800,807,809,127,804,802,801,803,808,66,409,374,805,806],"class_list":{"0":"post-865","1":"product","2":"type-product","3":"status-publish","4":"has-post-thumbnail","6":"product_cat-hyundai-kia","7":"product_tag-9e3f0d56","8":"product_tag-arquivos","9":"product_tag-calibration","10":"product_tag-cvn","11":"product_tag-decode","12":"product_tag-ecu","13":"product_tag-hardware","14":"product_tag-imoof","15":"product_tag-kr774452_c03","16":"product_tag-lm7bpfksf92b","17":"product_tag-original","18":"product_tag-sem-imobilizador","19":"product_tag-sim2k-241","20":"product_tag-sw","21":"product_tag-version-kr77445109","23":"first","24":"instock","25":"downloadable","26":"virtual","27":"purchasable","28":"product-type-simple"},"jetpack_sharing_enabled":true,"_links":{"self":[{"href":"https:\/\/powerchip.com.br\/index.php\/wp-json\/wp\/v2\/product\/865","targetHints":{"allow":["GET"]}}],"collection":[{"href":"https:\/\/powerchip.com.br\/index.php\/wp-json\/wp\/v2\/product"}],"about":[{"href":"https:\/\/powerchip.com.br\/index.php\/wp-json\/wp\/v2\/types\/product"}],"wp:featuredmedia":[{"embeddable":true,"href":"https:\/\/powerchip.com.br\/index.php\/wp-json\/wp\/v2\/media\/878"}],"wp:attachment":[{"href":"https:\/\/powerchip.com.br\/index.php\/wp-json\/wp\/v2\/media?parent=865"}],"wp:term":[{"taxonomy":"product_brand","embeddable":true,"href":"https:\/\/powerchip.com.br\/index.php\/wp-json\/wp\/v2\/product_brand?post=865"},{"taxonomy":"product_cat","embeddable":true,"href":"https:\/\/powerchip.com.br\/index.php\/wp-json\/wp\/v2\/product_cat?post=865"},{"taxonomy":"product_tag","embeddable":true,"href":"https:\/\/powerchip.com.br\/index.php\/wp-json\/wp\/v2\/product_tag?post=865"}],"curies":[{"name":"wp","href":"https:\/\/api.w.org\/{rel}","templated":true}]}}