{"id":809,"date":"2025-11-09T16:53:30","date_gmt":"2025-11-09T16:53:30","guid":{"rendered":"https:\/\/powerchip.com.br\/?post_type=product&#038;p=809"},"modified":"2025-11-12T22:06:11","modified_gmt":"2025-11-12T22:06:11","slug":"honda-civic-sedan-touring-1-5-turbo-arquivo-de-ajuste-de-potencia-37805-5aa-m510-arquivo-original-37805-5aa-m510","status":"publish","type":"product","link":"https:\/\/powerchip.com.br\/index.php\/produto\/honda-civic-sedan-touring-1-5-turbo-arquivo-de-ajuste-de-potencia-37805-5aa-m510-arquivo-original-37805-5aa-m510\/","title":{"rendered":"HONDA CIVIC SEDAN TOURING 1.5 TURBO , Arquivo de ajuste de pot\u00eancia 37805-5AA-M510  +Arquivo original 37805-5AA-M510"},"content":{"rendered":"<p><span dir=\"auto\">Arquivo de ajuste de pot\u00eancia <\/span>37805-5AA-M510<\/p>\n<p>+<span dir=\"auto\">Arquivo original <\/span>37805-5AA-M510<\/p>\n<p>Ve\u00ed\u00adculo: CIVIC SEDAN TOURING 1.5 TURBO 16V AUT.4P 1.5 16V 5 portas<\/p>\n<p>Ano: 2019<\/p>\n<p>Montadora: HONDA<\/p>\n<p>\u201cLembrete: Este arquivo N\u00c3O\u00a0 necessita de prepara\u00e7\u00e3o espec\u00edfica para a central (ECU) de destino .\u201d<\/p>\n<p>Voc\u00ea receber\u00e1 ap\u00f3s pagar:<\/p>\n<p>02 ARQUIVOS:<\/p>\n<p>01 ORIGINAL MPC<\/p>\n<p>01 POT\u00caNCIA MPC<\/p>\n<p>&nbsp;<\/p>\n<p>&nbsp;<\/p>\n<p>Para saber mais sobre o aumento de pot\u00eancia do Honda Civic 1.5 Turbo, entre em contato.<\/p>\n<p>DUVIDAS? Mande um e-mail ou chame no WhatsApp. (16)991342577<\/p>\n<p>&nbsp;<\/p>\n<p><a href=\"https:\/\/powerchip.com.br\/index.php\/arquivo-destinado-a-profissionais\/\">Arquivo destinado a profissionais<\/a>.<\/p>\n<p><a href=\"https:\/\/powerchip.com.br\/index.php\/como-usar-o-arquivo-comprado\/\">Como usar o arquivo<\/a>.<\/p>\n<p><a href=\"https:\/\/powerchip.com.br\/index.php\/como-comprar\/\">Como comprar<\/a><\/p>\n<p>&nbsp;<\/p>\n<p><img loading=\"lazy\" decoding=\"async\" class=\"alignnone size-medium wp-image-948\" src=\"https:\/\/powerchip.com.br\/wp-content\/uploads\/2025\/11\/foto-de-zip-original--300x175.jpg\" alt=\"\" width=\"300\" height=\"175\" srcset=\"https:\/\/powerchip.com.br\/wp-content\/uploads\/2025\/11\/foto-de-zip-original--300x175.jpg 300w, https:\/\/powerchip.com.br\/wp-content\/uploads\/2025\/11\/foto-de-zip-original--600x350.jpg 600w, https:\/\/powerchip.com.br\/wp-content\/uploads\/2025\/11\/foto-de-zip-original-.jpg 727w\" sizes=\"auto, (max-width: 300px) 100vw, 300px\" \/><img loading=\"lazy\" decoding=\"async\" class=\"alignnone size-medium wp-image-943\" src=\"https:\/\/powerchip.com.br\/wp-content\/uploads\/2025\/11\/foto-de-zip-potencia-1-1-300x170.jpg\" alt=\"\" width=\"300\" height=\"170\" srcset=\"https:\/\/powerchip.com.br\/wp-content\/uploads\/2025\/11\/foto-de-zip-potencia-1-1-300x170.jpg 300w, https:\/\/powerchip.com.br\/wp-content\/uploads\/2025\/11\/foto-de-zip-potencia-1-1-600x341.jpg 600w, https:\/\/powerchip.com.br\/wp-content\/uploads\/2025\/11\/foto-de-zip-potencia-1-1.jpg 733w\" sizes=\"auto, (max-width: 300px) 100vw, 300px\" \/><\/p>\n","protected":false},"excerpt":{"rendered":"<p><span dir=\"auto\">Arquivo de ajuste de, pot\u00eancia ,<\/span>37805-5AA-M510,<\/p>\n<p>+<span dir=\"auto\">Arquivo original, <\/span>37805-5AA-M510 ,CIVIC ,SEDAN ,TOURING, 1.5 ,TURBO, 16V AUT.4P 1.5,HONDA<\/p>\n<p><img loading=\"lazy\" decoding=\"async\" class=\"alignnone size-medium wp-image-948\" src=\"https:\/\/powerchip.com.br\/wp-content\/uploads\/2025\/11\/foto-de-zip-original--300x175.jpg\" alt=\"\" width=\"300\" height=\"175\" srcset=\"https:\/\/powerchip.com.br\/wp-content\/uploads\/2025\/11\/foto-de-zip-original--300x175.jpg 300w, https:\/\/powerchip.com.br\/wp-content\/uploads\/2025\/11\/foto-de-zip-original--600x350.jpg 600w, https:\/\/powerchip.com.br\/wp-content\/uploads\/2025\/11\/foto-de-zip-original-.jpg 727w\" sizes=\"auto, (max-width: 300px) 100vw, 300px\" \/><img loading=\"lazy\" decoding=\"async\" class=\"alignnone size-medium wp-image-943\" src=\"https:\/\/powerchip.com.br\/wp-content\/uploads\/2025\/11\/foto-de-zip-potencia-1-1-300x170.jpg\" alt=\"\" width=\"300\" height=\"170\" srcset=\"https:\/\/powerchip.com.br\/wp-content\/uploads\/2025\/11\/foto-de-zip-potencia-1-1-300x170.jpg 300w, https:\/\/powerchip.com.br\/wp-content\/uploads\/2025\/11\/foto-de-zip-potencia-1-1-600x341.jpg 600w, https:\/\/powerchip.com.br\/wp-content\/uploads\/2025\/11\/foto-de-zip-potencia-1-1.jpg 733w\" sizes=\"auto, (max-width: 300px) 100vw, 300px\" \/><\/p>\n","protected":false},"featured_media":458,"template":"","meta":{"_joinchat":[]},"product_brand":[],"product_cat":[250],"product_tag":[748,749,744,743,678,745,381,754,41,746,747,215],"class_list":{"0":"post-809","1":"product","2":"type-product","3":"status-publish","4":"has-post-thumbnail","6":"product_cat-honda","7":"product_tag-1-5","8":"product_tag-16v-aut-4p-1-5","9":"product_tag-37805-5aa-m510","10":"product_tag-arquivo-de-ajuste-de","11":"product_tag-arquivo-original","12":"product_tag-civic","13":"product_tag-honda","14":"product_tag-mande-um-e-mail-ou-chame-no-whatzapp-16991342577","15":"product_tag-potencia","16":"product_tag-sedan","17":"product_tag-touring","18":"product_tag-turbo","20":"first","21":"instock","22":"downloadable","23":"virtual","24":"purchasable","25":"product-type-simple"},"jetpack_sharing_enabled":true,"_links":{"self":[{"href":"https:\/\/powerchip.com.br\/index.php\/wp-json\/wp\/v2\/product\/809","targetHints":{"allow":["GET"]}}],"collection":[{"href":"https:\/\/powerchip.com.br\/index.php\/wp-json\/wp\/v2\/product"}],"about":[{"href":"https:\/\/powerchip.com.br\/index.php\/wp-json\/wp\/v2\/types\/product"}],"wp:featuredmedia":[{"embeddable":true,"href":"https:\/\/powerchip.com.br\/index.php\/wp-json\/wp\/v2\/media\/458"}],"wp:attachment":[{"href":"https:\/\/powerchip.com.br\/index.php\/wp-json\/wp\/v2\/media?parent=809"}],"wp:term":[{"taxonomy":"product_brand","embeddable":true,"href":"https:\/\/powerchip.com.br\/index.php\/wp-json\/wp\/v2\/product_brand?post=809"},{"taxonomy":"product_cat","embeddable":true,"href":"https:\/\/powerchip.com.br\/index.php\/wp-json\/wp\/v2\/product_cat?post=809"},{"taxonomy":"product_tag","embeddable":true,"href":"https:\/\/powerchip.com.br\/index.php\/wp-json\/wp\/v2\/product_tag?post=809"}],"curies":[{"name":"wp","href":"https:\/\/api.w.org\/{rel}","templated":true}]}}