{"id":763,"date":"2025-11-07T11:58:23","date_gmt":"2025-11-07T11:58:23","guid":{"rendered":"https:\/\/powerchip.com.br\/?post_type=product&#038;p=763"},"modified":"2025-11-13T16:35:12","modified_gmt":"2025-11-13T16:35:12","slug":"tracker-arquivo-para-edc15c2-decode-potencia-0281011079-tracker-edc15c2-3-tomadas","status":"publish","type":"product","link":"https:\/\/powerchip.com.br\/index.php\/produto\/tracker-arquivo-para-edc15c2-decode-potencia-0281011079-tracker-edc15c2-3-tomadas\/","title":{"rendered":"TRACKER  ARQUIVO PARA EDC15C2 ARQUIVO DE DECODE  (IMOOOF) +  ARQUIVO DE POT\u00caNCIA 0281011079 TRACKER EDC15C2 3 TOMADAS"},"content":{"rendered":"<p>TRACKER ARQUIVO PARA EDC15C2 ARQUIVO DE DECODE (IMOOOF) + ARQUIVO DE POT\u00caNCIA 0281011079 TRACKER EDC15C2 3 TOMADAS<\/p>\n<p>\u201cLembrete: Este arquivo N\u00c3O necessita de prepara\u00e7\u00e3o espec\u00edfica para a central (ECU) de destino antes do uso.\u201d<\/p>\n<p>Um profissional saber\u00e1 utilizar isso , ou ap\u00f3s a compra entre em contato.<\/p>\n<p>Voc\u00ea recebera ap\u00f3s pagar:<\/p>\n<p>03 arquivos para Beeprog ,Upa ,etc<\/p>\n<p>01\u00a0 arquivo original .PSOP29F400.<\/p>\n<p>01\u00a0 arquivo DE POT\u00caNCIA .PSOP29F400.<\/p>\n<p>+ 01\u00a0 arquivo de Decode (imoof) . SOIC 8 .Desligar a caixa do imobilizador abaixo da coluna dire\u00e7\u00e3o.<\/p>\n<p><a href=\"https:\/\/powerchip.com.br\/index.php\/como-comprar\/\">Como comprar<\/a><\/p>\n<p><a href=\"https:\/\/powerchip.com.br\/index.php\/arquivo-destinado-a-profissionais\/\">Arquivo destinado a profissionais<\/a>.<\/p>\n<p><a href=\"https:\/\/powerchip.com.br\/index.php\/como-usar-o-arquivo-comprado\/\">Como usar o arquivo<\/a>.<\/p>\n<p>&nbsp;<\/p>\n<p><img loading=\"lazy\" decoding=\"async\" class=\"alignnone size-medium wp-image-765\" src=\"https:\/\/powerchip.com.br\/wp-content\/uploads\/2025\/11\/0281011079-TRACKER-EDC15C2-3-TOMADAS-ORI-29F400-PSOP--277x300.jpg\" alt=\"\" width=\"277\" height=\"300\" srcset=\"https:\/\/powerchip.com.br\/wp-content\/uploads\/2025\/11\/0281011079-TRACKER-EDC15C2-3-TOMADAS-ORI-29F400-PSOP--277x300.jpg 277w, https:\/\/powerchip.com.br\/wp-content\/uploads\/2025\/11\/0281011079-TRACKER-EDC15C2-3-TOMADAS-ORI-29F400-PSOP-.jpg 598w\" sizes=\"auto, (max-width: 277px) 100vw, 277px\" \/> <img loading=\"lazy\" decoding=\"async\" class=\"alignnone size-medium wp-image-766\" src=\"https:\/\/powerchip.com.br\/wp-content\/uploads\/2025\/11\/0281011079-TRACKER-EDC15C2-3-TOMADAS-ORI-SOIC-35P08--294x300.jpg\" alt=\"\" width=\"294\" height=\"300\" srcset=\"https:\/\/powerchip.com.br\/wp-content\/uploads\/2025\/11\/0281011079-TRACKER-EDC15C2-3-TOMADAS-ORI-SOIC-35P08--294x300.jpg 294w, https:\/\/powerchip.com.br\/wp-content\/uploads\/2025\/11\/0281011079-TRACKER-EDC15C2-3-TOMADAS-ORI-SOIC-35P08-.jpg 531w\" sizes=\"auto, (max-width: 294px) 100vw, 294px\" \/><img loading=\"lazy\" decoding=\"async\" class=\"alignnone size-medium wp-image-767\" src=\"https:\/\/powerchip.com.br\/wp-content\/uploads\/2025\/11\/ZIP-0281011079-TRACKER-EDC15C2-3-TOMADAS-ORI-29F400-PSOP--300x154.jpg\" alt=\"\" width=\"300\" height=\"154\" srcset=\"https:\/\/powerchip.com.br\/wp-content\/uploads\/2025\/11\/ZIP-0281011079-TRACKER-EDC15C2-3-TOMADAS-ORI-29F400-PSOP--300x154.jpg 300w, https:\/\/powerchip.com.br\/wp-content\/uploads\/2025\/11\/ZIP-0281011079-TRACKER-EDC15C2-3-TOMADAS-ORI-29F400-PSOP--768x394.jpg 768w, https:\/\/powerchip.com.br\/wp-content\/uploads\/2025\/11\/ZIP-0281011079-TRACKER-EDC15C2-3-TOMADAS-ORI-29F400-PSOP--600x308.jpg 600w, https:\/\/powerchip.com.br\/wp-content\/uploads\/2025\/11\/ZIP-0281011079-TRACKER-EDC15C2-3-TOMADAS-ORI-29F400-PSOP-.jpg 811w\" sizes=\"auto, (max-width: 300px) 100vw, 300px\" \/><img loading=\"lazy\" decoding=\"async\" class=\"alignnone size-medium wp-image-948\" src=\"https:\/\/powerchip.com.br\/wp-content\/uploads\/2025\/11\/foto-de-zip-original--300x175.jpg\" alt=\"\" width=\"300\" height=\"175\" srcset=\"https:\/\/powerchip.com.br\/wp-content\/uploads\/2025\/11\/foto-de-zip-original--300x175.jpg 300w, https:\/\/powerchip.com.br\/wp-content\/uploads\/2025\/11\/foto-de-zip-original--600x350.jpg 600w, https:\/\/powerchip.com.br\/wp-content\/uploads\/2025\/11\/foto-de-zip-original-.jpg 727w\" sizes=\"auto, (max-width: 300px) 100vw, 300px\" \/><img loading=\"lazy\" decoding=\"async\" class=\"alignnone size-medium wp-image-943\" src=\"https:\/\/powerchip.com.br\/wp-content\/uploads\/2025\/11\/foto-de-zip-potencia-1-1-300x170.jpg\" alt=\"\" width=\"300\" height=\"170\" srcset=\"https:\/\/powerchip.com.br\/wp-content\/uploads\/2025\/11\/foto-de-zip-potencia-1-1-300x170.jpg 300w, https:\/\/powerchip.com.br\/wp-content\/uploads\/2025\/11\/foto-de-zip-potencia-1-1-600x341.jpg 600w, https:\/\/powerchip.com.br\/wp-content\/uploads\/2025\/11\/foto-de-zip-potencia-1-1.jpg 733w\" sizes=\"auto, (max-width: 300px) 100vw, 300px\" \/><img loading=\"lazy\" decoding=\"async\" class=\"alignnone size-medium wp-image-360\" src=\"https:\/\/powerchip.com.br\/wp-content\/uploads\/2025\/10\/foto-de-zip-INJECAO-DECODE--300x198.jpg\" alt=\"\" width=\"300\" height=\"198\" srcset=\"https:\/\/powerchip.com.br\/wp-content\/uploads\/2025\/10\/foto-de-zip-INJECAO-DECODE--300x198.jpg 300w, https:\/\/powerchip.com.br\/wp-content\/uploads\/2025\/10\/foto-de-zip-INJECAO-DECODE--768x506.jpg 768w, https:\/\/powerchip.com.br\/wp-content\/uploads\/2025\/10\/foto-de-zip-INJECAO-DECODE--600x396.jpg 600w, https:\/\/powerchip.com.br\/wp-content\/uploads\/2025\/10\/foto-de-zip-INJECAO-DECODE-.jpg 775w\" sizes=\"auto, (max-width: 300px) 100vw, 300px\" \/><\/p>\n","protected":false},"excerpt":{"rendered":"<p>TRACKER ARQUIVO PARA EDC15C2 ARQUIVO DE DECODE (IMOOOF) + ARQUIVO DE POT\u00caNCIA 0281011079 TRACKER EDC15C2 3 TOMADAS<\/p>\n<p><img loading=\"lazy\" decoding=\"async\" class=\"alignnone size-medium wp-image-765\" src=\"https:\/\/powerchip.com.br\/wp-content\/uploads\/2025\/11\/0281011079-TRACKER-EDC15C2-3-TOMADAS-ORI-29F400-PSOP--277x300.jpg\" alt=\"\" width=\"277\" height=\"300\" srcset=\"https:\/\/powerchip.com.br\/wp-content\/uploads\/2025\/11\/0281011079-TRACKER-EDC15C2-3-TOMADAS-ORI-29F400-PSOP--277x300.jpg 277w, https:\/\/powerchip.com.br\/wp-content\/uploads\/2025\/11\/0281011079-TRACKER-EDC15C2-3-TOMADAS-ORI-29F400-PSOP-.jpg 598w\" sizes=\"auto, (max-width: 277px) 100vw, 277px\" \/> <img loading=\"lazy\" decoding=\"async\" class=\"alignnone size-medium wp-image-766\" src=\"https:\/\/powerchip.com.br\/wp-content\/uploads\/2025\/11\/0281011079-TRACKER-EDC15C2-3-TOMADAS-ORI-SOIC-35P08--294x300.jpg\" alt=\"\" width=\"294\" height=\"300\" srcset=\"https:\/\/powerchip.com.br\/wp-content\/uploads\/2025\/11\/0281011079-TRACKER-EDC15C2-3-TOMADAS-ORI-SOIC-35P08--294x300.jpg 294w, https:\/\/powerchip.com.br\/wp-content\/uploads\/2025\/11\/0281011079-TRACKER-EDC15C2-3-TOMADAS-ORI-SOIC-35P08-.jpg 531w\" sizes=\"auto, (max-width: 294px) 100vw, 294px\" \/><img loading=\"lazy\" decoding=\"async\" class=\"alignnone size-medium wp-image-948\" src=\"https:\/\/powerchip.com.br\/wp-content\/uploads\/2025\/11\/foto-de-zip-original--300x175.jpg\" alt=\"\" width=\"300\" height=\"175\" srcset=\"https:\/\/powerchip.com.br\/wp-content\/uploads\/2025\/11\/foto-de-zip-original--300x175.jpg 300w, https:\/\/powerchip.com.br\/wp-content\/uploads\/2025\/11\/foto-de-zip-original--600x350.jpg 600w, https:\/\/powerchip.com.br\/wp-content\/uploads\/2025\/11\/foto-de-zip-original-.jpg 727w\" sizes=\"auto, (max-width: 300px) 100vw, 300px\" \/><img loading=\"lazy\" decoding=\"async\" class=\"alignnone size-medium wp-image-943\" src=\"https:\/\/powerchip.com.br\/wp-content\/uploads\/2025\/11\/foto-de-zip-potencia-1-1-300x170.jpg\" alt=\"\" width=\"300\" height=\"170\" srcset=\"https:\/\/powerchip.com.br\/wp-content\/uploads\/2025\/11\/foto-de-zip-potencia-1-1-300x170.jpg 300w, https:\/\/powerchip.com.br\/wp-content\/uploads\/2025\/11\/foto-de-zip-potencia-1-1-600x341.jpg 600w, https:\/\/powerchip.com.br\/wp-content\/uploads\/2025\/11\/foto-de-zip-potencia-1-1.jpg 733w\" sizes=\"auto, (max-width: 300px) 100vw, 300px\" \/><img loading=\"lazy\" decoding=\"async\" class=\"alignnone size-medium wp-image-360\" src=\"https:\/\/powerchip.com.br\/wp-content\/uploads\/2025\/10\/foto-de-zip-INJECAO-DECODE--300x198.jpg\" alt=\"\" width=\"300\" height=\"198\" srcset=\"https:\/\/powerchip.com.br\/wp-content\/uploads\/2025\/10\/foto-de-zip-INJECAO-DECODE--300x198.jpg 300w, https:\/\/powerchip.com.br\/wp-content\/uploads\/2025\/10\/foto-de-zip-INJECAO-DECODE--768x506.jpg 768w, https:\/\/powerchip.com.br\/wp-content\/uploads\/2025\/10\/foto-de-zip-INJECAO-DECODE--600x396.jpg 600w, https:\/\/powerchip.com.br\/wp-content\/uploads\/2025\/10\/foto-de-zip-INJECAO-DECODE-.jpg 775w\" sizes=\"auto, (max-width: 300px) 100vw, 300px\" \/><\/p>\n","protected":false},"featured_media":767,"template":"","meta":{"_joinchat":[]},"product_brand":[],"product_cat":[81],"product_tag":[614,615,116,127,613,612,41,611],"class_list":{"0":"post-763","1":"product","2":"type-product","3":"status-publish","4":"has-post-thumbnail","6":"product_cat-gm","7":"product_tag-614","8":"product_tag-3-tomadas","9":"product_tag-arquivo","10":"product_tag-decode","11":"product_tag-edc15c2","12":"product_tag-par","13":"product_tag-potencia","14":"product_tag-tracker","16":"first","17":"instock","18":"downloadable","19":"virtual","20":"purchasable","21":"product-type-simple"},"jetpack_sharing_enabled":true,"_links":{"self":[{"href":"https:\/\/powerchip.com.br\/index.php\/wp-json\/wp\/v2\/product\/763","targetHints":{"allow":["GET"]}}],"collection":[{"href":"https:\/\/powerchip.com.br\/index.php\/wp-json\/wp\/v2\/product"}],"about":[{"href":"https:\/\/powerchip.com.br\/index.php\/wp-json\/wp\/v2\/types\/product"}],"wp:featuredmedia":[{"embeddable":true,"href":"https:\/\/powerchip.com.br\/index.php\/wp-json\/wp\/v2\/media\/767"}],"wp:attachment":[{"href":"https:\/\/powerchip.com.br\/index.php\/wp-json\/wp\/v2\/media?parent=763"}],"wp:term":[{"taxonomy":"product_brand","embeddable":true,"href":"https:\/\/powerchip.com.br\/index.php\/wp-json\/wp\/v2\/product_brand?post=763"},{"taxonomy":"product_cat","embeddable":true,"href":"https:\/\/powerchip.com.br\/index.php\/wp-json\/wp\/v2\/product_cat?post=763"},{"taxonomy":"product_tag","embeddable":true,"href":"https:\/\/powerchip.com.br\/index.php\/wp-json\/wp\/v2\/product_tag?post=763"}],"curies":[{"name":"wp","href":"https:\/\/api.w.org\/{rel}","templated":true}]}}