{"id":610,"date":"2025-11-03T23:06:05","date_gmt":"2025-11-03T23:06:05","guid":{"rendered":"https:\/\/powerchip.com.br\/?post_type=product&#038;p=610"},"modified":"2025-11-08T16:23:27","modified_gmt":"2025-11-08T16:23:27","slug":"palio-strada-weekend-arquivo-para-decode-1abg-1-6-16v-para-usar-alcool","status":"publish","type":"product","link":"https:\/\/powerchip.com.br\/index.php\/produto\/palio-strada-weekend-arquivo-para-decode-1abg-1-6-16v-para-usar-alcool\/","title":{"rendered":"PALIO- STRADA -WEEKEND, ARQUIVO PARA DECODE 1ABG 1.6 16V  para usar ALCOOL."},"content":{"rendered":"<p>PALIO- STRADA -WEEKEND, ARQUIVO PARA DECODE 1ABG 1.6 16V para usar ALCOOL.<\/p>\n<p>Gravado em uma 27c512 , e \u00a0vai ficar definitivo na ecu 1ABG a ser usada no carro.<\/p>\n<p>Desligue a caixa de imobilizador .<\/p>\n<p>1ABG N\u00e3o re-codifica se n\u00e3o desligar o imo .<\/p>\n<p>A luz imobilizador do painel\u00a0 vai ficar acesa se n\u00e3o desligar.<\/p>\n<p>&nbsp;<\/p>\n<p>Contendo no Zip que voc\u00ea vai receber ap\u00f3s pagar:<\/p>\n<p>01 arquivo \u00c1LCOOL para 27c512 virgem, apagada , usar em Beeprog etc.<\/p>\n<div id=\":13n\" class=\"Am aiL Al editable LW-avf tS-tW tS-tY\" tabindex=\"1\" role=\"textbox\" contenteditable=\"true\" spellcheck=\"false\" aria-label=\"Corpo da mensagem\" aria-multiline=\"true\" aria-owns=\":16d\" aria-controls=\":16d\" aria-expanded=\"false\">\n<p>\u00a0 &#8220;N\u00c3O VAI TRANSFORMAR SEU CARRO EM \u00c1LCOOL, MAS COM ELE VOC\u00ca PODER\u00c1 USAR ALCOOL, COM BOA PERFORMANCE.&#8221;<\/p>\n<\/div>\n<p><a href=\"https:\/\/powerchip.com.br\/index.php\/arquivo-destinado-a-profissionais\/\">Arquivo destinado a profissionais<\/a>.<\/p>\n<p><a href=\"https:\/\/powerchip.com.br\/index.php\/como-usar-o-arquivo-comprado\/\">Como usar o arquivo<\/a><\/p>\n<p>&nbsp;<\/p>\n<audio class=\"wp-audio-shortcode\" id=\"audio-610-1\" preload=\"none\" style=\"width: 100%;\" controls=\"controls\"><source type=\"audio\/ogg\" src=\"https:\/\/powerchip.com.br\/wp-content\/uploads\/2025\/11\/audio-palio-1abg-1.6-16V-DECODE-.ogg?_=1\" \/><a href=\"https:\/\/powerchip.com.br\/wp-content\/uploads\/2025\/11\/audio-palio-1abg-1.6-16V-DECODE-.ogg\">https:\/\/powerchip.com.br\/wp-content\/uploads\/2025\/11\/audio-palio-1abg-1.6-16V-DECODE-.ogg<\/a><\/audio>\n<p><img loading=\"lazy\" decoding=\"async\" class=\"alignnone size-medium wp-image-612\" src=\"https:\/\/powerchip.com.br\/wp-content\/uploads\/2025\/11\/1ABG-1.6-16V-DECODE--300x290.jpg\" alt=\"\" width=\"300\" height=\"290\" srcset=\"https:\/\/powerchip.com.br\/wp-content\/uploads\/2025\/11\/1ABG-1.6-16V-DECODE--300x290.jpg 300w, https:\/\/powerchip.com.br\/wp-content\/uploads\/2025\/11\/1ABG-1.6-16V-DECODE-.jpg 598w\" sizes=\"auto, (max-width: 300px) 100vw, 300px\" \/><img loading=\"lazy\" decoding=\"async\" class=\"alignnone size-medium wp-image-538\" src=\"https:\/\/powerchip.com.br\/wp-content\/uploads\/2025\/10\/chip-ferramenta-27c512-300x272.jpg\" alt=\"\" width=\"300\" height=\"272\" srcset=\"https:\/\/powerchip.com.br\/wp-content\/uploads\/2025\/10\/chip-ferramenta-27c512-300x272.jpg 300w, https:\/\/powerchip.com.br\/wp-content\/uploads\/2025\/10\/chip-ferramenta-27c512.jpg 428w\" sizes=\"auto, (max-width: 300px) 100vw, 300px\" \/><img loading=\"lazy\" decoding=\"async\" class=\"alignnone size-full wp-image-613\" src=\"https:\/\/powerchip.com.br\/wp-content\/uploads\/2025\/11\/palio-1abg-1.6-16V-DECODE-.jpg\" alt=\"\" width=\"198\" height=\"207\" \/><img loading=\"lazy\" decoding=\"async\" class=\"alignnone size-medium wp-image-617\" src=\"https:\/\/powerchip.com.br\/wp-content\/uploads\/2025\/11\/foto-de-zip-INJECAO-DECODE-ALCOOL--300x198.jpg\" alt=\"\" width=\"300\" height=\"198\" srcset=\"https:\/\/powerchip.com.br\/wp-content\/uploads\/2025\/11\/foto-de-zip-INJECAO-DECODE-ALCOOL--300x198.jpg 300w, https:\/\/powerchip.com.br\/wp-content\/uploads\/2025\/11\/foto-de-zip-INJECAO-DECODE-ALCOOL--768x506.jpg 768w, https:\/\/powerchip.com.br\/wp-content\/uploads\/2025\/11\/foto-de-zip-INJECAO-DECODE-ALCOOL--600x396.jpg 600w, https:\/\/powerchip.com.br\/wp-content\/uploads\/2025\/11\/foto-de-zip-INJECAO-DECODE-ALCOOL-.jpg 775w\" sizes=\"auto, (max-width: 300px) 100vw, 300px\" \/><\/p>\n","protected":false},"excerpt":{"rendered":"<p><img loading=\"lazy\" decoding=\"async\" class=\"alignnone size-medium wp-image-612\" src=\"https:\/\/powerchip.com.br\/wp-content\/uploads\/2025\/11\/1ABG-1.6-16V-DECODE--300x290.jpg\" alt=\"\" width=\"300\" height=\"290\" srcset=\"https:\/\/powerchip.com.br\/wp-content\/uploads\/2025\/11\/1ABG-1.6-16V-DECODE--300x290.jpg 300w, https:\/\/powerchip.com.br\/wp-content\/uploads\/2025\/11\/1ABG-1.6-16V-DECODE-.jpg 598w\" sizes=\"auto, (max-width: 300px) 100vw, 300px\" \/><img loading=\"lazy\" decoding=\"async\" class=\"alignnone size-medium wp-image-538\" src=\"https:\/\/powerchip.com.br\/wp-content\/uploads\/2025\/10\/chip-ferramenta-27c512-300x272.jpg\" alt=\"\" width=\"300\" height=\"272\" srcset=\"https:\/\/powerchip.com.br\/wp-content\/uploads\/2025\/10\/chip-ferramenta-27c512-300x272.jpg 300w, https:\/\/powerchip.com.br\/wp-content\/uploads\/2025\/10\/chip-ferramenta-27c512.jpg 428w\" sizes=\"auto, (max-width: 300px) 100vw, 300px\" \/><img loading=\"lazy\" decoding=\"async\" class=\"alignnone size-full wp-image-613\" src=\"https:\/\/powerchip.com.br\/wp-content\/uploads\/2025\/11\/palio-1abg-1.6-16V-DECODE-.jpg\" alt=\"\" width=\"198\" height=\"207\" \/><\/p>\n","protected":false},"featured_media":617,"template":"","meta":{"_joinchat":[]},"product_brand":[],"product_cat":[21],"product_tag":[405,406,408,67,127],"class_list":{"0":"post-610","1":"product","2":"type-product","3":"status-publish","4":"has-post-thumbnail","6":"product_cat-fiat","7":"product_tag-1-6","8":"product_tag-16v","9":"product_tag-1abg","10":"product_tag-alcool","11":"product_tag-decode","13":"first","14":"instock","15":"downloadable","16":"virtual","17":"purchasable","18":"product-type-simple"},"jetpack_sharing_enabled":true,"_links":{"self":[{"href":"https:\/\/powerchip.com.br\/index.php\/wp-json\/wp\/v2\/product\/610","targetHints":{"allow":["GET"]}}],"collection":[{"href":"https:\/\/powerchip.com.br\/index.php\/wp-json\/wp\/v2\/product"}],"about":[{"href":"https:\/\/powerchip.com.br\/index.php\/wp-json\/wp\/v2\/types\/product"}],"wp:featuredmedia":[{"embeddable":true,"href":"https:\/\/powerchip.com.br\/index.php\/wp-json\/wp\/v2\/media\/617"}],"wp:attachment":[{"href":"https:\/\/powerchip.com.br\/index.php\/wp-json\/wp\/v2\/media?parent=610"}],"wp:term":[{"taxonomy":"product_brand","embeddable":true,"href":"https:\/\/powerchip.com.br\/index.php\/wp-json\/wp\/v2\/product_brand?post=610"},{"taxonomy":"product_cat","embeddable":true,"href":"https:\/\/powerchip.com.br\/index.php\/wp-json\/wp\/v2\/product_cat?post=610"},{"taxonomy":"product_tag","embeddable":true,"href":"https:\/\/powerchip.com.br\/index.php\/wp-json\/wp\/v2\/product_tag?post=610"}],"curies":[{"name":"wp","href":"https:\/\/api.w.org\/{rel}","templated":true}]}}