{"id":523,"date":"2025-10-30T17:35:46","date_gmt":"2025-10-30T17:35:46","guid":{"rendered":"https:\/\/powerchip.com.br\/?post_type=product&#038;p=523"},"modified":"2025-11-12T22:51:33","modified_gmt":"2025-11-12T22:51:33","slug":"polo-arquivo-decode-2-kits-de-arquivos-4mv-ar-95080-arquivo-de-potencia-4mv-ar-arquivo-original","status":"publish","type":"product","link":"https:\/\/powerchip.com.br\/index.php\/produto\/polo-arquivo-decode-2-kits-de-arquivos-4mv-ar-95080-arquivo-de-potencia-4mv-ar-arquivo-original\/","title":{"rendered":"POLO ARQUIVO DECODE + 2 KITS DE ARQUIVOS 4MV.AR 95080 , ARQUIVO DE POTENCIA 4MV.AR, ARQUIVO ORIGINAL."},"content":{"rendered":"<p>POLO ARQUIVO DECODE + 2 KITS DE ARQUIVOS 4MV.AR 95080 + BRINDES<\/p>\n<p>Voc\u00ea receber\u00e1 ap\u00f3s pagar, um link com o arquivo dentro com 07 arquivos bin\u00e1rios.<\/p>\n<p>01 KIT ECU\u00a0 4MV.AR 95080 +PAINEL 850J\u00a0 \u00a0 (0 2\u00a0 \u00a0arquivos bin\u00e1rios , BRINDE GRATIS.)<\/p>\n<p>01 KIT ECU\u00a0 4MV.AR 95080 +PAINEL\u00a0 \u00a0800R (0 2\u00a0 \u00a0arquivos bin\u00e1rios, BRINDE GRATIS.)<\/p>\n<p>01 DECODE \u00a04MV.AR 95080<\/p>\n<p>01\u00a0 ARQUIVO DE POT\u00caNCIA\u00a0 4MV.AR 29F400\u00a0 CHECKSUM CORRIGIDO , BRINDE GRATIS.<\/p>\n<p>01\u00a0 ARQUIVO\u00a0 ORIGINAL\u00a0 4MV.AR 29F400,\u00a0 BRINDE GRATIS.<\/p>\n<p>\u201cLembrete: Este arquivo N\u00c3O necessita de prepara\u00e7\u00e3o espec\u00edfica para a central (ECU) de destino .<\/p>\n<p>Normalmente\u00a0 \u00a0leia total e salve.<\/p>\n<p>&nbsp;<\/p>\n<p>N\u00e3o conserta sua central\u2026nem seu carro, \u00e9 s\u00f3 um arquivo\u00a0 , grave em seu modulo AP\u00d3S\u00a0 analisar ou guarde de lembran\u00e7a.<\/p>\n<p>Salve sua pele , * SEMPRE FA\u00c7A BACKUPS*<\/p>\n<p><a href=\"https:\/\/powerchip.com.br\/index.php\/arquivo-destinado-a-profissionais\/\">Arquivo destinado a profissionais<\/a>.<\/p>\n<p><a href=\"https:\/\/powerchip.com.br\/index.php\/como-usar-o-arquivo-comprado\/\">Como usar o arquivo<\/a>.<\/p>\n<p><a href=\"https:\/\/powerchip.com.br\/index.php\/como-comprar\/\">Como comprar<\/a><\/p>\n<audio class=\"wp-audio-shortcode\" id=\"audio-523-1\" preload=\"none\" style=\"width: 100%;\" controls=\"controls\"><source type=\"audio\/ogg\" src=\"https:\/\/powerchip.com.br\/wp-content\/uploads\/2025\/10\/audio-polo-4MV.AR-POLO-DECODE-95080-.ogg?_=1\" \/><a href=\"https:\/\/powerchip.com.br\/wp-content\/uploads\/2025\/10\/audio-polo-4MV.AR-POLO-DECODE-95080-.ogg\">https:\/\/powerchip.com.br\/wp-content\/uploads\/2025\/10\/audio-polo-4MV.AR-POLO-DECODE-95080-.ogg<\/a><\/audio>\n<p>&nbsp;<\/p>\n<p><img loading=\"lazy\" decoding=\"async\" class=\"alignnone size-medium wp-image-524\" src=\"https:\/\/powerchip.com.br\/wp-content\/uploads\/2025\/10\/4MV.AR-POLO-DECODE-95080--300x289.jpg\" alt=\"\" width=\"300\" height=\"289\" srcset=\"https:\/\/powerchip.com.br\/wp-content\/uploads\/2025\/10\/4MV.AR-POLO-DECODE-95080--300x289.jpg 300w, https:\/\/powerchip.com.br\/wp-content\/uploads\/2025\/10\/4MV.AR-POLO-DECODE-95080--600x577.jpg 600w, https:\/\/powerchip.com.br\/wp-content\/uploads\/2025\/10\/4MV.AR-POLO-DECODE-95080-.jpg 684w\" sizes=\"auto, (max-width: 300px) 100vw, 300px\" \/> <img loading=\"lazy\" decoding=\"async\" class=\"alignnone size-medium wp-image-525\" src=\"https:\/\/powerchip.com.br\/wp-content\/uploads\/2025\/10\/4MV.AR-POLO-DECODE-PSOP-95080--300x183.jpg\" alt=\"\" width=\"300\" height=\"183\" srcset=\"https:\/\/powerchip.com.br\/wp-content\/uploads\/2025\/10\/4MV.AR-POLO-DECODE-PSOP-95080--300x183.jpg 300w, https:\/\/powerchip.com.br\/wp-content\/uploads\/2025\/10\/4MV.AR-POLO-DECODE-PSOP-95080--1024x624.jpg 1024w, https:\/\/powerchip.com.br\/wp-content\/uploads\/2025\/10\/4MV.AR-POLO-DECODE-PSOP-95080--768x468.jpg 768w, https:\/\/powerchip.com.br\/wp-content\/uploads\/2025\/10\/4MV.AR-POLO-DECODE-PSOP-95080--600x366.jpg 600w, https:\/\/powerchip.com.br\/wp-content\/uploads\/2025\/10\/4MV.AR-POLO-DECODE-PSOP-95080-.jpg 1230w\" sizes=\"auto, (max-width: 300px) 100vw, 300px\" \/> <img loading=\"lazy\" decoding=\"async\" class=\"alignnone size-medium wp-image-526\" src=\"https:\/\/powerchip.com.br\/wp-content\/uploads\/2025\/10\/4MV.AR-POLO-DECODE-95080-1-1-300x214.jpg\" alt=\"\" width=\"300\" height=\"214\" srcset=\"https:\/\/powerchip.com.br\/wp-content\/uploads\/2025\/10\/4MV.AR-POLO-DECODE-95080-1-1-300x214.jpg 300w, https:\/\/powerchip.com.br\/wp-content\/uploads\/2025\/10\/4MV.AR-POLO-DECODE-95080-1-1-768x549.jpg 768w, https:\/\/powerchip.com.br\/wp-content\/uploads\/2025\/10\/4MV.AR-POLO-DECODE-95080-1-1-600x429.jpg 600w, https:\/\/powerchip.com.br\/wp-content\/uploads\/2025\/10\/4MV.AR-POLO-DECODE-95080-1-1.jpg 841w\" sizes=\"auto, (max-width: 300px) 100vw, 300px\" \/><img loading=\"lazy\" decoding=\"async\" class=\"alignnone size-medium wp-image-529\" src=\"https:\/\/powerchip.com.br\/wp-content\/uploads\/2025\/10\/ZIP-4MV.AR-POLO-DECODE-95080--300x155.jpg\" alt=\"\" width=\"300\" height=\"155\" srcset=\"https:\/\/powerchip.com.br\/wp-content\/uploads\/2025\/10\/ZIP-4MV.AR-POLO-DECODE-95080--300x155.jpg 300w, https:\/\/powerchip.com.br\/wp-content\/uploads\/2025\/10\/ZIP-4MV.AR-POLO-DECODE-95080-.jpg 525w\" sizes=\"auto, (max-width: 300px) 100vw, 300px\" \/><img loading=\"lazy\" decoding=\"async\" class=\"alignnone size-medium wp-image-943\" src=\"https:\/\/powerchip.com.br\/wp-content\/uploads\/2025\/11\/foto-de-zip-potencia-1-1-300x170.jpg\" alt=\"\" width=\"300\" height=\"170\" srcset=\"https:\/\/powerchip.com.br\/wp-content\/uploads\/2025\/11\/foto-de-zip-potencia-1-1-300x170.jpg 300w, https:\/\/powerchip.com.br\/wp-content\/uploads\/2025\/11\/foto-de-zip-potencia-1-1-600x341.jpg 600w, https:\/\/powerchip.com.br\/wp-content\/uploads\/2025\/11\/foto-de-zip-potencia-1-1.jpg 733w\" sizes=\"auto, (max-width: 300px) 100vw, 300px\" \/><img loading=\"lazy\" decoding=\"async\" class=\"alignnone size-medium wp-image-948\" src=\"https:\/\/powerchip.com.br\/wp-content\/uploads\/2025\/11\/foto-de-zip-original--300x175.jpg\" alt=\"\" width=\"300\" height=\"175\" srcset=\"https:\/\/powerchip.com.br\/wp-content\/uploads\/2025\/11\/foto-de-zip-original--300x175.jpg 300w, https:\/\/powerchip.com.br\/wp-content\/uploads\/2025\/11\/foto-de-zip-original--600x350.jpg 600w, https:\/\/powerchip.com.br\/wp-content\/uploads\/2025\/11\/foto-de-zip-original-.jpg 727w\" sizes=\"auto, (max-width: 300px) 100vw, 300px\" \/><img loading=\"lazy\" decoding=\"async\" class=\"alignnone size-medium wp-image-360\" src=\"https:\/\/powerchip.com.br\/wp-content\/uploads\/2025\/10\/foto-de-zip-INJECAO-DECODE--300x198.jpg\" alt=\"\" width=\"300\" height=\"198\" srcset=\"https:\/\/powerchip.com.br\/wp-content\/uploads\/2025\/10\/foto-de-zip-INJECAO-DECODE--300x198.jpg 300w, https:\/\/powerchip.com.br\/wp-content\/uploads\/2025\/10\/foto-de-zip-INJECAO-DECODE--768x506.jpg 768w, https:\/\/powerchip.com.br\/wp-content\/uploads\/2025\/10\/foto-de-zip-INJECAO-DECODE--600x396.jpg 600w, https:\/\/powerchip.com.br\/wp-content\/uploads\/2025\/10\/foto-de-zip-INJECAO-DECODE-.jpg 775w\" sizes=\"auto, (max-width: 300px) 100vw, 300px\" \/><\/p>\n","protected":false},"excerpt":{"rendered":"<p>&nbsp;<\/p>\n<p>POLO ARQUIVO DECODE + 2 KITS DE ARQUIVOS 4MV.AR 95080 4MV.AR DECODE +BRINDES POTENCIA E ORIGINALDA INJE\u00c7\u00c3O.<\/p>\n<p><img loading=\"lazy\" decoding=\"async\" class=\"alignnone size-medium wp-image-524\" src=\"https:\/\/powerchip.com.br\/wp-content\/uploads\/2025\/10\/4MV.AR-POLO-DECODE-95080--300x289.jpg\" alt=\"\" width=\"300\" height=\"289\" srcset=\"https:\/\/powerchip.com.br\/wp-content\/uploads\/2025\/10\/4MV.AR-POLO-DECODE-95080--300x289.jpg 300w, https:\/\/powerchip.com.br\/wp-content\/uploads\/2025\/10\/4MV.AR-POLO-DECODE-95080--600x577.jpg 600w, https:\/\/powerchip.com.br\/wp-content\/uploads\/2025\/10\/4MV.AR-POLO-DECODE-95080-.jpg 684w\" sizes=\"auto, (max-width: 300px) 100vw, 300px\" \/> <img loading=\"lazy\" decoding=\"async\" class=\"alignnone size-medium wp-image-525\" src=\"https:\/\/powerchip.com.br\/wp-content\/uploads\/2025\/10\/4MV.AR-POLO-DECODE-PSOP-95080--300x183.jpg\" alt=\"\" width=\"300\" height=\"183\" srcset=\"https:\/\/powerchip.com.br\/wp-content\/uploads\/2025\/10\/4MV.AR-POLO-DECODE-PSOP-95080--300x183.jpg 300w, https:\/\/powerchip.com.br\/wp-content\/uploads\/2025\/10\/4MV.AR-POLO-DECODE-PSOP-95080--1024x624.jpg 1024w, https:\/\/powerchip.com.br\/wp-content\/uploads\/2025\/10\/4MV.AR-POLO-DECODE-PSOP-95080--768x468.jpg 768w, https:\/\/powerchip.com.br\/wp-content\/uploads\/2025\/10\/4MV.AR-POLO-DECODE-PSOP-95080--600x366.jpg 600w, https:\/\/powerchip.com.br\/wp-content\/uploads\/2025\/10\/4MV.AR-POLO-DECODE-PSOP-95080-.jpg 1230w\" sizes=\"auto, (max-width: 300px) 100vw, 300px\" \/> <img loading=\"lazy\" decoding=\"async\" class=\"alignnone size-medium wp-image-526\" src=\"https:\/\/powerchip.com.br\/wp-content\/uploads\/2025\/10\/4MV.AR-POLO-DECODE-95080-1-1-300x214.jpg\" alt=\"\" width=\"300\" height=\"214\" srcset=\"https:\/\/powerchip.com.br\/wp-content\/uploads\/2025\/10\/4MV.AR-POLO-DECODE-95080-1-1-300x214.jpg 300w, https:\/\/powerchip.com.br\/wp-content\/uploads\/2025\/10\/4MV.AR-POLO-DECODE-95080-1-1-768x549.jpg 768w, https:\/\/powerchip.com.br\/wp-content\/uploads\/2025\/10\/4MV.AR-POLO-DECODE-95080-1-1-600x429.jpg 600w, https:\/\/powerchip.com.br\/wp-content\/uploads\/2025\/10\/4MV.AR-POLO-DECODE-95080-1-1.jpg 841w\" sizes=\"auto, (max-width: 300px) 100vw, 300px\" \/><img loading=\"lazy\" decoding=\"async\" class=\"alignnone size-medium wp-image-943\" src=\"https:\/\/powerchip.com.br\/wp-content\/uploads\/2025\/11\/foto-de-zip-potencia-1-1-300x170.jpg\" alt=\"\" width=\"300\" height=\"170\" srcset=\"https:\/\/powerchip.com.br\/wp-content\/uploads\/2025\/11\/foto-de-zip-potencia-1-1-300x170.jpg 300w, https:\/\/powerchip.com.br\/wp-content\/uploads\/2025\/11\/foto-de-zip-potencia-1-1-600x341.jpg 600w, https:\/\/powerchip.com.br\/wp-content\/uploads\/2025\/11\/foto-de-zip-potencia-1-1.jpg 733w\" sizes=\"auto, (max-width: 300px) 100vw, 300px\" \/><img loading=\"lazy\" decoding=\"async\" class=\"alignnone size-medium wp-image-948\" src=\"https:\/\/powerchip.com.br\/wp-content\/uploads\/2025\/11\/foto-de-zip-original--300x175.jpg\" alt=\"\" width=\"300\" height=\"175\" srcset=\"https:\/\/powerchip.com.br\/wp-content\/uploads\/2025\/11\/foto-de-zip-original--300x175.jpg 300w, https:\/\/powerchip.com.br\/wp-content\/uploads\/2025\/11\/foto-de-zip-original--600x350.jpg 600w, https:\/\/powerchip.com.br\/wp-content\/uploads\/2025\/11\/foto-de-zip-original-.jpg 727w\" sizes=\"auto, (max-width: 300px) 100vw, 300px\" \/><img loading=\"lazy\" decoding=\"async\" class=\"alignnone size-medium wp-image-360\" src=\"https:\/\/powerchip.com.br\/wp-content\/uploads\/2025\/10\/foto-de-zip-INJECAO-DECODE--300x198.jpg\" alt=\"\" width=\"300\" height=\"198\" srcset=\"https:\/\/powerchip.com.br\/wp-content\/uploads\/2025\/10\/foto-de-zip-INJECAO-DECODE--300x198.jpg 300w, https:\/\/powerchip.com.br\/wp-content\/uploads\/2025\/10\/foto-de-zip-INJECAO-DECODE--768x506.jpg 768w, https:\/\/powerchip.com.br\/wp-content\/uploads\/2025\/10\/foto-de-zip-INJECAO-DECODE--600x396.jpg 600w, https:\/\/powerchip.com.br\/wp-content\/uploads\/2025\/10\/foto-de-zip-INJECAO-DECODE-.jpg 775w\" sizes=\"auto, (max-width: 300px) 100vw, 300px\" \/><\/p>\n","protected":false},"featured_media":360,"template":"","meta":{"_joinchat":[]},"product_brand":[],"product_cat":[32],"product_tag":[353,354,352,355,351,127,350,349,348],"class_list":{"0":"post-523","1":"product","2":"type-product","3":"status-publish","4":"has-post-thumbnail","6":"product_cat-vw","7":"product_tag-4mv-ar","8":"product_tag-4mv-ar-original","9":"product_tag-4mv-ar-potencia","10":"product_tag-4mv-ar-sem-imobilizador","11":"product_tag-351","12":"product_tag-decode","13":"product_tag-decode-4mv-ar","14":"product_tag-kits-de-arquivos","15":"product_tag-polo","17":"first","18":"instock","19":"downloadable","20":"virtual","21":"purchasable","22":"product-type-simple"},"jetpack_sharing_enabled":true,"_links":{"self":[{"href":"https:\/\/powerchip.com.br\/index.php\/wp-json\/wp\/v2\/product\/523","targetHints":{"allow":["GET"]}}],"collection":[{"href":"https:\/\/powerchip.com.br\/index.php\/wp-json\/wp\/v2\/product"}],"about":[{"href":"https:\/\/powerchip.com.br\/index.php\/wp-json\/wp\/v2\/types\/product"}],"wp:featuredmedia":[{"embeddable":true,"href":"https:\/\/powerchip.com.br\/index.php\/wp-json\/wp\/v2\/media\/360"}],"wp:attachment":[{"href":"https:\/\/powerchip.com.br\/index.php\/wp-json\/wp\/v2\/media?parent=523"}],"wp:term":[{"taxonomy":"product_brand","embeddable":true,"href":"https:\/\/powerchip.com.br\/index.php\/wp-json\/wp\/v2\/product_brand?post=523"},{"taxonomy":"product_cat","embeddable":true,"href":"https:\/\/powerchip.com.br\/index.php\/wp-json\/wp\/v2\/product_cat?post=523"},{"taxonomy":"product_tag","embeddable":true,"href":"https:\/\/powerchip.com.br\/index.php\/wp-json\/wp\/v2\/product_tag?post=523"}],"curies":[{"name":"wp","href":"https:\/\/api.w.org\/{rel}","templated":true}]}}