{"id":505,"date":"2025-10-29T21:35:41","date_gmt":"2025-10-29T21:35:41","guid":{"rendered":"https:\/\/powerchip.com.br\/?post_type=product&#038;p=505"},"modified":"2025-11-25T21:07:40","modified_gmt":"2025-11-25T21:07:40","slug":"bmw-2011-2013-arquivo-para-frm-bmw-x5-frm3r-e70-ahl-frm3-9230433-01-535053mf400-43-608377-16-hw-06-sw-12-20-00","status":"publish","type":"product","link":"https:\/\/powerchip.com.br\/index.php\/produto\/bmw-2011-2013-arquivo-para-frm-bmw-x5-frm3r-e70-ahl-frm3-9230433-01-535053mf400-43-608377-16-hw-06-sw-12-20-00\/","title":{"rendered":"BMW 2011 &#8211; 2013 ARQUIVO para FRM\u00a0 \u00a0BMW X5 FRM3R E70 AHL FRM3 9230433 01 535053MF400 43 608377 16 HW 06 SW 12.20.00\u00a0\u00a0"},"content":{"rendered":"<p>BMW 2011 &#8211; 2013 ARQUIVO para FRM\u00a0 \u00a0BMW X5 FRM3R E70 AHL FRM3 9230433 01 535053MF400 43 608377 16 HW 06 SW 12.20.00<\/p>\n<p>Modulo FRM perdem comunica\u00e7\u00e3o quando quebram arquivos.<\/p>\n<p>Restaura a memoria,\u00a0 far\u00f3is , setas,\u00a0 vidros etc se tudo em ordem voltara a funcionar\u2026OBS: para carros que perderam a programa\u00e7\u00e3o por bateria ruim.<\/p>\n<p>N\u00e3o conserta l\u00e2mpada queimada, etc.<\/p>\n<p>Voc\u00ea receber\u00e1 ap\u00f3s pagar, um link com o arquivo:<\/p>\n<p>01 Arquivo compactado contendo dentro:<\/p>\n<p>01 arquivo ok da eeprom<\/p>\n<p>01 arquivo ok da flash<\/p>\n<p>Use programadores correto de processador.<\/p>\n<p>\u201cLembrete: Este arquivo necessita somente edi\u00e7\u00e3o do chassi que poder\u00e1 ser feito no editor normal ou com esc\u00e2ner via obd2 de prepara\u00e7\u00e3o espec\u00edfica para a central (ECU) de destino antes do uso.\u201d , mas tamb\u00e9m funciona sem editar.<\/p>\n<p><a href=\"https:\/\/powerchip.com.br\/index.php\/arquivo-destinado-a-profissionais\/\">Arquivo destinado a profissionais<\/a>.<\/p>\n<p><a href=\"https:\/\/powerchip.com.br\/index.php\/como-usar-o-arquivo-comprado\/\">Como usar o arquivo<\/a>.<\/p>\n<p><a href=\"https:\/\/powerchip.com.br\/index.php\/como-comprar\/\">Como comprar<\/a><\/p>\n<audio class=\"wp-audio-shortcode\" id=\"audio-505-1\" preload=\"none\" style=\"width: 100%;\" controls=\"controls\"><source type=\"audio\/ogg\" src=\"https:\/\/powerchip.com.br\/wp-content\/uploads\/2025\/10\/AUDIO-FRM3-.ogg?_=1\" \/><a href=\"https:\/\/powerchip.com.br\/wp-content\/uploads\/2025\/10\/AUDIO-FRM3-.ogg\">https:\/\/powerchip.com.br\/wp-content\/uploads\/2025\/10\/AUDIO-FRM3-.ogg<\/a><\/audio>\n<p><img loading=\"lazy\" decoding=\"async\" class=\"alignnone size-medium wp-image-277\" src=\"https:\/\/powerchip.com.br\/wp-content\/uploads\/2025\/10\/FRM3-PL3-6135-3456588-02SW143030-HW08-5324828M5-R56-HIGHT-EKS-35-300x181.jpeg\" alt=\"\" width=\"300\" height=\"181\" srcset=\"https:\/\/powerchip.com.br\/wp-content\/uploads\/2025\/10\/FRM3-PL3-6135-3456588-02SW143030-HW08-5324828M5-R56-HIGHT-EKS-35-300x181.jpeg 300w, https:\/\/powerchip.com.br\/wp-content\/uploads\/2025\/10\/FRM3-PL3-6135-3456588-02SW143030-HW08-5324828M5-R56-HIGHT-EKS-35-1024x618.jpeg 1024w, https:\/\/powerchip.com.br\/wp-content\/uploads\/2025\/10\/FRM3-PL3-6135-3456588-02SW143030-HW08-5324828M5-R56-HIGHT-EKS-35-768x463.jpeg 768w, https:\/\/powerchip.com.br\/wp-content\/uploads\/2025\/10\/FRM3-PL3-6135-3456588-02SW143030-HW08-5324828M5-R56-HIGHT-EKS-35-600x362.jpeg 600w, https:\/\/powerchip.com.br\/wp-content\/uploads\/2025\/10\/FRM3-PL3-6135-3456588-02SW143030-HW08-5324828M5-R56-HIGHT-EKS-35.jpeg 1353w\" sizes=\"auto, (max-width: 300px) 100vw, 300px\" \/><img loading=\"lazy\" decoding=\"async\" class=\"alignnone size-medium wp-image-307\" src=\"https:\/\/powerchip.com.br\/wp-content\/uploads\/2025\/10\/foto-de-zip-INJECAO-ORIGINAL-CONFORTO--300x198.jpg\" alt=\"\" width=\"300\" height=\"198\" srcset=\"https:\/\/powerchip.com.br\/wp-content\/uploads\/2025\/10\/foto-de-zip-INJECAO-ORIGINAL-CONFORTO--300x198.jpg 300w, https:\/\/powerchip.com.br\/wp-content\/uploads\/2025\/10\/foto-de-zip-INJECAO-ORIGINAL-CONFORTO--768x506.jpg 768w, https:\/\/powerchip.com.br\/wp-content\/uploads\/2025\/10\/foto-de-zip-INJECAO-ORIGINAL-CONFORTO--600x396.jpg 600w, https:\/\/powerchip.com.br\/wp-content\/uploads\/2025\/10\/foto-de-zip-INJECAO-ORIGINAL-CONFORTO-.jpg 775w\" sizes=\"auto, (max-width: 300px) 100vw, 300px\" \/><img loading=\"lazy\" decoding=\"async\" class=\"alignnone size-medium wp-image-506\" src=\"https:\/\/powerchip.com.br\/wp-content\/uploads\/2025\/10\/FRM3R-E70-AHL-FRM3-9230433-EEPROM-OK_--300x172.jpg\" alt=\"\" width=\"300\" height=\"172\" srcset=\"https:\/\/powerchip.com.br\/wp-content\/uploads\/2025\/10\/FRM3R-E70-AHL-FRM3-9230433-EEPROM-OK_--300x172.jpg 300w, https:\/\/powerchip.com.br\/wp-content\/uploads\/2025\/10\/FRM3R-E70-AHL-FRM3-9230433-EEPROM-OK_--1024x589.jpg 1024w, https:\/\/powerchip.com.br\/wp-content\/uploads\/2025\/10\/FRM3R-E70-AHL-FRM3-9230433-EEPROM-OK_--768x442.jpg 768w, https:\/\/powerchip.com.br\/wp-content\/uploads\/2025\/10\/FRM3R-E70-AHL-FRM3-9230433-EEPROM-OK_--600x345.jpg 600w, https:\/\/powerchip.com.br\/wp-content\/uploads\/2025\/10\/FRM3R-E70-AHL-FRM3-9230433-EEPROM-OK_-.jpg 1174w\" sizes=\"auto, (max-width: 300px) 100vw, 300px\" \/><img loading=\"lazy\" decoding=\"async\" class=\"alignnone size-medium wp-image-948\" src=\"https:\/\/powerchip.com.br\/wp-content\/uploads\/2025\/11\/foto-de-zip-original--300x175.jpg\" alt=\"\" width=\"300\" height=\"175\" srcset=\"https:\/\/powerchip.com.br\/wp-content\/uploads\/2025\/11\/foto-de-zip-original--300x175.jpg 300w, https:\/\/powerchip.com.br\/wp-content\/uploads\/2025\/11\/foto-de-zip-original--600x350.jpg 600w, https:\/\/powerchip.com.br\/wp-content\/uploads\/2025\/11\/foto-de-zip-original-.jpg 727w\" sizes=\"auto, (max-width: 300px) 100vw, 300px\" \/><\/p>\n","protected":false},"excerpt":{"rendered":"<p>BMW 2011 &#8211; 2013 ARQUIVO para FRM\u00a0 \u00a0BMW X5 FRM3R E70 AHL FRM3 9230433 01 535053MF400 43 608377 16 HW 06 SW 12.20.00<\/p>\n<p><img loading=\"lazy\" decoding=\"async\" class=\"alignnone size-medium wp-image-277\" src=\"https:\/\/powerchip.com.br\/wp-content\/uploads\/2025\/10\/FRM3-PL3-6135-3456588-02SW143030-HW08-5324828M5-R56-HIGHT-EKS-35-300x181.jpeg\" alt=\"\" width=\"300\" height=\"181\" srcset=\"https:\/\/powerchip.com.br\/wp-content\/uploads\/2025\/10\/FRM3-PL3-6135-3456588-02SW143030-HW08-5324828M5-R56-HIGHT-EKS-35-300x181.jpeg 300w, https:\/\/powerchip.com.br\/wp-content\/uploads\/2025\/10\/FRM3-PL3-6135-3456588-02SW143030-HW08-5324828M5-R56-HIGHT-EKS-35-1024x618.jpeg 1024w, https:\/\/powerchip.com.br\/wp-content\/uploads\/2025\/10\/FRM3-PL3-6135-3456588-02SW143030-HW08-5324828M5-R56-HIGHT-EKS-35-768x463.jpeg 768w, https:\/\/powerchip.com.br\/wp-content\/uploads\/2025\/10\/FRM3-PL3-6135-3456588-02SW143030-HW08-5324828M5-R56-HIGHT-EKS-35-600x362.jpeg 600w, https:\/\/powerchip.com.br\/wp-content\/uploads\/2025\/10\/FRM3-PL3-6135-3456588-02SW143030-HW08-5324828M5-R56-HIGHT-EKS-35.jpeg 1353w\" sizes=\"auto, (max-width: 300px) 100vw, 300px\" \/><img loading=\"lazy\" decoding=\"async\" class=\"alignnone size-medium wp-image-307\" src=\"https:\/\/powerchip.com.br\/wp-content\/uploads\/2025\/10\/foto-de-zip-INJECAO-ORIGINAL-CONFORTO--300x198.jpg\" alt=\"\" width=\"300\" height=\"198\" srcset=\"https:\/\/powerchip.com.br\/wp-content\/uploads\/2025\/10\/foto-de-zip-INJECAO-ORIGINAL-CONFORTO--300x198.jpg 300w, https:\/\/powerchip.com.br\/wp-content\/uploads\/2025\/10\/foto-de-zip-INJECAO-ORIGINAL-CONFORTO--768x506.jpg 768w, https:\/\/powerchip.com.br\/wp-content\/uploads\/2025\/10\/foto-de-zip-INJECAO-ORIGINAL-CONFORTO--600x396.jpg 600w, https:\/\/powerchip.com.br\/wp-content\/uploads\/2025\/10\/foto-de-zip-INJECAO-ORIGINAL-CONFORTO-.jpg 775w\" sizes=\"auto, (max-width: 300px) 100vw, 300px\" \/><img loading=\"lazy\" decoding=\"async\" class=\"alignnone size-medium wp-image-506\" src=\"https:\/\/powerchip.com.br\/wp-content\/uploads\/2025\/10\/FRM3R-E70-AHL-FRM3-9230433-EEPROM-OK_--300x172.jpg\" alt=\"\" width=\"300\" height=\"172\" srcset=\"https:\/\/powerchip.com.br\/wp-content\/uploads\/2025\/10\/FRM3R-E70-AHL-FRM3-9230433-EEPROM-OK_--300x172.jpg 300w, https:\/\/powerchip.com.br\/wp-content\/uploads\/2025\/10\/FRM3R-E70-AHL-FRM3-9230433-EEPROM-OK_--1024x589.jpg 1024w, https:\/\/powerchip.com.br\/wp-content\/uploads\/2025\/10\/FRM3R-E70-AHL-FRM3-9230433-EEPROM-OK_--768x442.jpg 768w, https:\/\/powerchip.com.br\/wp-content\/uploads\/2025\/10\/FRM3R-E70-AHL-FRM3-9230433-EEPROM-OK_--600x345.jpg 600w, https:\/\/powerchip.com.br\/wp-content\/uploads\/2025\/10\/FRM3R-E70-AHL-FRM3-9230433-EEPROM-OK_-.jpg 1174w\" sizes=\"auto, (max-width: 300px) 100vw, 300px\" \/><\/p>\n","protected":false},"featured_media":1157,"template":"","meta":{"_joinchat":[]},"product_brand":[],"product_cat":[40],"product_tag":[323,321,320,322,319,318,315,317,34,316,324,325],"class_list":{"0":"post-505","1":"product","2":"type-product","3":"status-publish","4":"has-post-thumbnail","6":"product_cat-bmw","7":"product_tag-323","8":"product_tag-321","9":"product_tag-535053mf400","10":"product_tag-322","11":"product_tag-319","12":"product_tag-ahl","13":"product_tag-bmw-x5","14":"product_tag-e70","15":"product_tag-frm3","16":"product_tag-frm3r","17":"product_tag-hw-06","18":"product_tag-sw-12-20-00","20":"first","21":"instock","22":"downloadable","23":"virtual","24":"purchasable","25":"product-type-simple"},"jetpack_sharing_enabled":true,"_links":{"self":[{"href":"https:\/\/powerchip.com.br\/index.php\/wp-json\/wp\/v2\/product\/505","targetHints":{"allow":["GET"]}}],"collection":[{"href":"https:\/\/powerchip.com.br\/index.php\/wp-json\/wp\/v2\/product"}],"about":[{"href":"https:\/\/powerchip.com.br\/index.php\/wp-json\/wp\/v2\/types\/product"}],"wp:featuredmedia":[{"embeddable":true,"href":"https:\/\/powerchip.com.br\/index.php\/wp-json\/wp\/v2\/media\/1157"}],"wp:attachment":[{"href":"https:\/\/powerchip.com.br\/index.php\/wp-json\/wp\/v2\/media?parent=505"}],"wp:term":[{"taxonomy":"product_brand","embeddable":true,"href":"https:\/\/powerchip.com.br\/index.php\/wp-json\/wp\/v2\/product_brand?post=505"},{"taxonomy":"product_cat","embeddable":true,"href":"https:\/\/powerchip.com.br\/index.php\/wp-json\/wp\/v2\/product_cat?post=505"},{"taxonomy":"product_tag","embeddable":true,"href":"https:\/\/powerchip.com.br\/index.php\/wp-json\/wp\/v2\/product_tag?post=505"}],"curies":[{"name":"wp","href":"https:\/\/api.w.org\/{rel}","templated":true}]}}