{"id":454,"date":"2025-10-27T15:01:38","date_gmt":"2025-10-27T15:01:38","guid":{"rendered":"https:\/\/powerchip.com.br\/?post_type=product&#038;p=454"},"modified":"2025-11-12T22:57:07","modified_gmt":"2025-11-12T22:57:07","slug":"jeep-2021-arquivo-potencia-e-original-compass-diesel-0281039124-10sw0910821619g1e0-d5510010sw091082","status":"publish","type":"product","link":"https:\/\/powerchip.com.br\/index.php\/produto\/jeep-2021-arquivo-potencia-e-original-compass-diesel-0281039124-10sw0910821619g1e0-d5510010sw091082\/","title":{"rendered":"JEEP 2021 ARQUIVO POT\u00caNCIA E ORIGINAL COMPASS DIESEL 0281039124  10SW0910821619G1E0 D5510010SW091082"},"content":{"rendered":"<p>JEEP 2021 ARQUIVO POT\u00caNCIA E ORIGINAL COMPASS DIESEL 0281039124 10SW0910821619G1E0 D5510010SW091082.<\/p>\n<p>Voc\u00ea recebera um link com arquivo compactado para baixar\u00a0 ap\u00f3s pagar, contendo:<\/p>\n<p>2 X ARQUIVOS.<br \/>\n01 ORIGINAL<br \/>\n01 STAGE 1 .<\/p>\n<p>ATEN\u00c7\u00c3O : SOMENTE POT\u00caNCIA. DPF EGR ARLA FICAM ORIGINAIS.<\/p>\n<p>\u201cLembrete: Estes arquivos necessitam de prepara\u00e7\u00e3o espec\u00edfica para a central (ECU) de destino antes do uso em \u00e1rea do imo.\u201d<\/p>\n<p>Arquivo muito bom para pot\u00eancia, sem barulhos no motor etc.., considerando que seu Compass seja bom e original, agora se for uma Bo**a , ent\u00e3o conserte seu Compass e depois compre.<\/p>\n<p>Um profissional saber\u00e1 utilizar isso , ou ap\u00f3s a compra entre em contato.<\/p>\n<p><a href=\"https:\/\/powerchip.com.br\/index.php\/arquivo-destinado-a-profissionais\/\">Arquivo destinado a profissionais<\/a>.<\/p>\n<p><a href=\"https:\/\/powerchip.com.br\/index.php\/como-usar-o-arquivo-comprado\/\">Como usar o arquivo<\/a>.<\/p>\n<p><a href=\"https:\/\/powerchip.com.br\/index.php\/como-comprar\/\">Como comprar<\/a><\/p>\n<audio class=\"wp-audio-shortcode\" id=\"audio-454-1\" preload=\"none\" style=\"width: 100%;\" controls=\"controls\"><source type=\"audio\/ogg\" src=\"https:\/\/powerchip.com.br\/wp-content\/uploads\/2025\/10\/POTENCIA-PARA-CARRO-FILE.ogg?_=1\" \/><a href=\"https:\/\/powerchip.com.br\/wp-content\/uploads\/2025\/10\/POTENCIA-PARA-CARRO-FILE.ogg\">https:\/\/powerchip.com.br\/wp-content\/uploads\/2025\/10\/POTENCIA-PARA-CARRO-FILE.ogg<\/a><\/audio>\n<p><img loading=\"lazy\" decoding=\"async\" class=\"alignnone size-medium wp-image-455\" src=\"https:\/\/powerchip.com.br\/wp-content\/uploads\/2025\/10\/JEEP-2021-COMPASS-DIESEL-0281039124-10SW0910821619G1E0-D5510010SW09108-ZIP-300x194.jpg\" alt=\"\" width=\"300\" height=\"194\" srcset=\"https:\/\/powerchip.com.br\/wp-content\/uploads\/2025\/10\/JEEP-2021-COMPASS-DIESEL-0281039124-10SW0910821619G1E0-D5510010SW09108-ZIP-300x194.jpg 300w, https:\/\/powerchip.com.br\/wp-content\/uploads\/2025\/10\/JEEP-2021-COMPASS-DIESEL-0281039124-10SW0910821619G1E0-D5510010SW09108-ZIP.jpg 496w\" sizes=\"auto, (max-width: 300px) 100vw, 300px\" \/><img loading=\"lazy\" decoding=\"async\" class=\"alignnone size-medium wp-image-456\" src=\"https:\/\/powerchip.com.br\/wp-content\/uploads\/2025\/10\/JEEP-2021-COMPASS-DIESEL-0281039124-10SW0910821619G1E0-D5510010SW09108--279x300.jpg\" alt=\"\" width=\"279\" height=\"300\" srcset=\"https:\/\/powerchip.com.br\/wp-content\/uploads\/2025\/10\/JEEP-2021-COMPASS-DIESEL-0281039124-10SW0910821619G1E0-D5510010SW09108--279x300.jpg 279w, https:\/\/powerchip.com.br\/wp-content\/uploads\/2025\/10\/JEEP-2021-COMPASS-DIESEL-0281039124-10SW0910821619G1E0-D5510010SW09108--768x827.jpg 768w, https:\/\/powerchip.com.br\/wp-content\/uploads\/2025\/10\/JEEP-2021-COMPASS-DIESEL-0281039124-10SW0910821619G1E0-D5510010SW09108--600x646.jpg 600w, https:\/\/powerchip.com.br\/wp-content\/uploads\/2025\/10\/JEEP-2021-COMPASS-DIESEL-0281039124-10SW0910821619G1E0-D5510010SW09108-.jpg 884w\" sizes=\"auto, (max-width: 279px) 100vw, 279px\" \/><img loading=\"lazy\" decoding=\"async\" class=\"alignnone size-medium wp-image-457\" src=\"https:\/\/powerchip.com.br\/wp-content\/uploads\/2025\/10\/FIAT-TORO-COMPAS-2020-204-0281036486-124-BOOT-edc17c69-562-1793-Brasil-sem-abrir-egpt-300x69.jpg\" alt=\"\" width=\"300\" height=\"69\" srcset=\"https:\/\/powerchip.com.br\/wp-content\/uploads\/2025\/10\/FIAT-TORO-COMPAS-2020-204-0281036486-124-BOOT-edc17c69-562-1793-Brasil-sem-abrir-egpt-300x69.jpg 300w, https:\/\/powerchip.com.br\/wp-content\/uploads\/2025\/10\/FIAT-TORO-COMPAS-2020-204-0281036486-124-BOOT-edc17c69-562-1793-Brasil-sem-abrir-egpt-1024x235.jpg 1024w, https:\/\/powerchip.com.br\/wp-content\/uploads\/2025\/10\/FIAT-TORO-COMPAS-2020-204-0281036486-124-BOOT-edc17c69-562-1793-Brasil-sem-abrir-egpt-768x176.jpg 768w, https:\/\/powerchip.com.br\/wp-content\/uploads\/2025\/10\/FIAT-TORO-COMPAS-2020-204-0281036486-124-BOOT-edc17c69-562-1793-Brasil-sem-abrir-egpt-1536x352.jpg 1536w, https:\/\/powerchip.com.br\/wp-content\/uploads\/2025\/10\/FIAT-TORO-COMPAS-2020-204-0281036486-124-BOOT-edc17c69-562-1793-Brasil-sem-abrir-egpt-600x137.jpg 600w, https:\/\/powerchip.com.br\/wp-content\/uploads\/2025\/10\/FIAT-TORO-COMPAS-2020-204-0281036486-124-BOOT-edc17c69-562-1793-Brasil-sem-abrir-egpt.jpg 1755w\" sizes=\"auto, (max-width: 300px) 100vw, 300px\" \/><img loading=\"lazy\" decoding=\"async\" class=\"alignnone size-medium wp-image-943\" src=\"https:\/\/powerchip.com.br\/wp-content\/uploads\/2025\/11\/foto-de-zip-potencia-1-1-300x170.jpg\" alt=\"\" width=\"300\" height=\"170\" srcset=\"https:\/\/powerchip.com.br\/wp-content\/uploads\/2025\/11\/foto-de-zip-potencia-1-1-300x170.jpg 300w, https:\/\/powerchip.com.br\/wp-content\/uploads\/2025\/11\/foto-de-zip-potencia-1-1-600x341.jpg 600w, https:\/\/powerchip.com.br\/wp-content\/uploads\/2025\/11\/foto-de-zip-potencia-1-1.jpg 733w\" sizes=\"auto, (max-width: 300px) 100vw, 300px\" \/><img loading=\"lazy\" decoding=\"async\" class=\"alignnone size-medium wp-image-948\" src=\"https:\/\/powerchip.com.br\/wp-content\/uploads\/2025\/11\/foto-de-zip-original--300x175.jpg\" alt=\"\" width=\"300\" height=\"175\" srcset=\"https:\/\/powerchip.com.br\/wp-content\/uploads\/2025\/11\/foto-de-zip-original--300x175.jpg 300w, https:\/\/powerchip.com.br\/wp-content\/uploads\/2025\/11\/foto-de-zip-original--600x350.jpg 600w, https:\/\/powerchip.com.br\/wp-content\/uploads\/2025\/11\/foto-de-zip-original-.jpg 727w\" sizes=\"auto, (max-width: 300px) 100vw, 300px\" \/><\/p>\n<p>&nbsp;<\/p>\n","protected":false},"excerpt":{"rendered":"<p>JEEP 2021 ARQUIVO POT\u00caNCIA E ORIGINAL COMPASS DIESEL 0281039124 10SW0910821619G1E0 D5510010SW091082<\/p>\n<p><img loading=\"lazy\" decoding=\"async\" class=\"alignnone size-medium wp-image-455\" src=\"https:\/\/powerchip.com.br\/wp-content\/uploads\/2025\/10\/JEEP-2021-COMPASS-DIESEL-0281039124-10SW0910821619G1E0-D5510010SW09108-ZIP-300x194.jpg\" alt=\"\" width=\"300\" height=\"194\" srcset=\"https:\/\/powerchip.com.br\/wp-content\/uploads\/2025\/10\/JEEP-2021-COMPASS-DIESEL-0281039124-10SW0910821619G1E0-D5510010SW09108-ZIP-300x194.jpg 300w, https:\/\/powerchip.com.br\/wp-content\/uploads\/2025\/10\/JEEP-2021-COMPASS-DIESEL-0281039124-10SW0910821619G1E0-D5510010SW09108-ZIP.jpg 496w\" sizes=\"auto, (max-width: 300px) 100vw, 300px\" \/><img loading=\"lazy\" decoding=\"async\" class=\"alignnone size-medium wp-image-456\" src=\"https:\/\/powerchip.com.br\/wp-content\/uploads\/2025\/10\/JEEP-2021-COMPASS-DIESEL-0281039124-10SW0910821619G1E0-D5510010SW09108--279x300.jpg\" alt=\"\" width=\"279\" height=\"300\" srcset=\"https:\/\/powerchip.com.br\/wp-content\/uploads\/2025\/10\/JEEP-2021-COMPASS-DIESEL-0281039124-10SW0910821619G1E0-D5510010SW09108--279x300.jpg 279w, https:\/\/powerchip.com.br\/wp-content\/uploads\/2025\/10\/JEEP-2021-COMPASS-DIESEL-0281039124-10SW0910821619G1E0-D5510010SW09108--768x827.jpg 768w, https:\/\/powerchip.com.br\/wp-content\/uploads\/2025\/10\/JEEP-2021-COMPASS-DIESEL-0281039124-10SW0910821619G1E0-D5510010SW09108--600x646.jpg 600w, https:\/\/powerchip.com.br\/wp-content\/uploads\/2025\/10\/JEEP-2021-COMPASS-DIESEL-0281039124-10SW0910821619G1E0-D5510010SW09108-.jpg 884w\" sizes=\"auto, (max-width: 279px) 100vw, 279px\" \/><img loading=\"lazy\" decoding=\"async\" class=\"alignnone size-medium wp-image-457\" src=\"https:\/\/powerchip.com.br\/wp-content\/uploads\/2025\/10\/FIAT-TORO-COMPAS-2020-204-0281036486-124-BOOT-edc17c69-562-1793-Brasil-sem-abrir-egpt-300x69.jpg\" alt=\"\" width=\"300\" height=\"69\" srcset=\"https:\/\/powerchip.com.br\/wp-content\/uploads\/2025\/10\/FIAT-TORO-COMPAS-2020-204-0281036486-124-BOOT-edc17c69-562-1793-Brasil-sem-abrir-egpt-300x69.jpg 300w, https:\/\/powerchip.com.br\/wp-content\/uploads\/2025\/10\/FIAT-TORO-COMPAS-2020-204-0281036486-124-BOOT-edc17c69-562-1793-Brasil-sem-abrir-egpt-1024x235.jpg 1024w, https:\/\/powerchip.com.br\/wp-content\/uploads\/2025\/10\/FIAT-TORO-COMPAS-2020-204-0281036486-124-BOOT-edc17c69-562-1793-Brasil-sem-abrir-egpt-768x176.jpg 768w, https:\/\/powerchip.com.br\/wp-content\/uploads\/2025\/10\/FIAT-TORO-COMPAS-2020-204-0281036486-124-BOOT-edc17c69-562-1793-Brasil-sem-abrir-egpt-1536x352.jpg 1536w, https:\/\/powerchip.com.br\/wp-content\/uploads\/2025\/10\/FIAT-TORO-COMPAS-2020-204-0281036486-124-BOOT-edc17c69-562-1793-Brasil-sem-abrir-egpt-600x137.jpg 600w, https:\/\/powerchip.com.br\/wp-content\/uploads\/2025\/10\/FIAT-TORO-COMPAS-2020-204-0281036486-124-BOOT-edc17c69-562-1793-Brasil-sem-abrir-egpt.jpg 1755w\" sizes=\"auto, (max-width: 300px) 100vw, 300px\" \/><img loading=\"lazy\" decoding=\"async\" class=\"alignnone size-medium wp-image-943\" src=\"https:\/\/powerchip.com.br\/wp-content\/uploads\/2025\/11\/foto-de-zip-potencia-1-1-300x170.jpg\" alt=\"\" width=\"300\" height=\"170\" srcset=\"https:\/\/powerchip.com.br\/wp-content\/uploads\/2025\/11\/foto-de-zip-potencia-1-1-300x170.jpg 300w, https:\/\/powerchip.com.br\/wp-content\/uploads\/2025\/11\/foto-de-zip-potencia-1-1-600x341.jpg 600w, https:\/\/powerchip.com.br\/wp-content\/uploads\/2025\/11\/foto-de-zip-potencia-1-1.jpg 733w\" sizes=\"auto, (max-width: 300px) 100vw, 300px\" \/><img loading=\"lazy\" decoding=\"async\" class=\"alignnone size-medium wp-image-948\" src=\"https:\/\/powerchip.com.br\/wp-content\/uploads\/2025\/11\/foto-de-zip-original--300x175.jpg\" alt=\"\" width=\"300\" height=\"175\" srcset=\"https:\/\/powerchip.com.br\/wp-content\/uploads\/2025\/11\/foto-de-zip-original--300x175.jpg 300w, https:\/\/powerchip.com.br\/wp-content\/uploads\/2025\/11\/foto-de-zip-original--600x350.jpg 600w, https:\/\/powerchip.com.br\/wp-content\/uploads\/2025\/11\/foto-de-zip-original-.jpg 727w\" sizes=\"auto, (max-width: 300px) 100vw, 300px\" \/><\/p>\n","protected":false},"featured_media":458,"template":"","meta":{"_joinchat":[]},"product_brand":[],"product_cat":[241],"product_tag":[244,245,242,116,243,246,167,159,66,41],"class_list":{"0":"post-454","1":"product","2":"type-product","3":"status-publish","4":"has-post-thumbnail","6":"product_cat-jeep","7":"product_tag-244","8":"product_tag-10sw0910821619g1e0","9":"product_tag-242","10":"product_tag-arquivo","11":"product_tag-compass","12":"product_tag-d5510010sw091082","13":"product_tag-diesel","14":"product_tag-jeep","15":"product_tag-original","16":"product_tag-potencia","18":"first","19":"instock","20":"downloadable","21":"virtual","22":"purchasable","23":"product-type-simple"},"jetpack_sharing_enabled":true,"_links":{"self":[{"href":"https:\/\/powerchip.com.br\/index.php\/wp-json\/wp\/v2\/product\/454","targetHints":{"allow":["GET"]}}],"collection":[{"href":"https:\/\/powerchip.com.br\/index.php\/wp-json\/wp\/v2\/product"}],"about":[{"href":"https:\/\/powerchip.com.br\/index.php\/wp-json\/wp\/v2\/types\/product"}],"wp:featuredmedia":[{"embeddable":true,"href":"https:\/\/powerchip.com.br\/index.php\/wp-json\/wp\/v2\/media\/458"}],"wp:attachment":[{"href":"https:\/\/powerchip.com.br\/index.php\/wp-json\/wp\/v2\/media?parent=454"}],"wp:term":[{"taxonomy":"product_brand","embeddable":true,"href":"https:\/\/powerchip.com.br\/index.php\/wp-json\/wp\/v2\/product_brand?post=454"},{"taxonomy":"product_cat","embeddable":true,"href":"https:\/\/powerchip.com.br\/index.php\/wp-json\/wp\/v2\/product_cat?post=454"},{"taxonomy":"product_tag","embeddable":true,"href":"https:\/\/powerchip.com.br\/index.php\/wp-json\/wp\/v2\/product_tag?post=454"}],"curies":[{"name":"wp","href":"https:\/\/api.w.org\/{rel}","templated":true}]}}