{"id":344,"date":"2025-10-23T22:06:51","date_gmt":"2025-10-23T22:06:51","guid":{"rendered":"https:\/\/powerchip.com.br\/?post_type=product&#038;p=344"},"modified":"2026-03-03T16:58:12","modified_gmt":"2026-03-03T16:58:12","slug":"creta-cambio-automatico-arquivo-decode-immo_off_cat_off-da-injecao-sim2k-251-ec03-gs7bpfks575a-sim-251-39150-2ega0-a2c1126740401-615q075000000","status":"publish","type":"product","link":"https:\/\/powerchip.com.br\/index.php\/produto\/creta-cambio-automatico-arquivo-decode-immo_off_cat_off-da-injecao-sim2k-251-ec03-gs7bpfks575a-sim-251-39150-2ega0-a2c1126740401-615q075000000\/","title":{"rendered":"Creta cambio autom\u00e1tico Arquivo Decode  IMMO_OFF_CAT_OFF, da inje\u00e7\u00e3o SIM2K-251 EC03 GS7BPFKS575A SIM-251 39150 2EGA0 A2C1126740401 615Q075000000."},"content":{"rendered":"<p>Creta\u00a0 autom\u00e1tico Arquivo &#8220;Decode&#8221; e IMMO_OFF_CAT+OFF, da inje\u00e7\u00e3o SIM2K-251 EC03 GS7BPFKS575A SIM-251 39150-2EGA0 A2C1126740401 615Q075000000.<\/p>\n<p>Voc\u00ea recebera ap\u00f3s pagar:<\/p>\n<p>02 arquivos.<\/p>\n<p>01\u00a0 arquivo original<\/p>\n<p>+ 01\u00a0 arquivo de &#8220;Decode&#8221; IMMO_OFF+CAT+OFF para escapes.<\/p>\n<p>Seu mec\u00e2nico n\u00e3o achou o problema?<\/p>\n<p>Agora seu carro volta a funcionar, ah e isso n\u00e3o conserta a ecu nem o carro viu, s\u00f3 elimina o imobilizador se ruim.<\/p>\n<p>\u201cLembrete: Este arquivo\u00a0 n\u00e3o necessita de prepara\u00e7\u00e3o espec\u00edfica para a central (ECU) de destino antes do uso se for\u00a0 GRAVAR COMPLETO ,n\u00e3o use\u00a0 parcial alguns programadores s\u00f3 gravam \u00e1reas\u00a0 maps.\u201d<\/p>\n<p><a href=\"https:\/\/powerchip.com.br\/index.php\/como-comprar\/\">Como comprar<\/a><\/p>\n<p><a href=\"https:\/\/powerchip.com.br\/index.php\/arquivo-destinado-a-profissionais\/\">Arquivo destinado a profissionais<\/a>.<\/p>\n<p><a href=\"https:\/\/powerchip.com.br\/index.php\/como-usar-o-arquivo-comprado\/\">Como usar o arquivo<\/a>.<\/p>\n<p><img loading=\"lazy\" decoding=\"async\" class=\"alignnone size-medium wp-image-346\" src=\"https:\/\/powerchip.com.br\/wp-content\/uploads\/2025\/10\/EC03-GS7BPFKS575A-SIM-251-39150-2EGA0-A2C1126740401--300x285.jpeg\" alt=\"\" width=\"300\" height=\"285\" srcset=\"https:\/\/powerchip.com.br\/wp-content\/uploads\/2025\/10\/EC03-GS7BPFKS575A-SIM-251-39150-2EGA0-A2C1126740401--300x285.jpeg 300w, https:\/\/powerchip.com.br\/wp-content\/uploads\/2025\/10\/EC03-GS7BPFKS575A-SIM-251-39150-2EGA0-A2C1126740401--768x730.jpeg 768w, https:\/\/powerchip.com.br\/wp-content\/uploads\/2025\/10\/EC03-GS7BPFKS575A-SIM-251-39150-2EGA0-A2C1126740401--600x570.jpeg 600w, https:\/\/powerchip.com.br\/wp-content\/uploads\/2025\/10\/EC03-GS7BPFKS575A-SIM-251-39150-2EGA0-A2C1126740401-.jpeg 871w\" sizes=\"auto, (max-width: 300px) 100vw, 300px\" \/><img loading=\"lazy\" decoding=\"async\" class=\"alignnone size-medium wp-image-347\" src=\"https:\/\/powerchip.com.br\/wp-content\/uploads\/2025\/10\/EC03-GS7BPFKS575A-SIM-251-39150-2EGA0-A2C1126740401-300x271.jpeg\" alt=\"\" width=\"300\" height=\"271\" srcset=\"https:\/\/powerchip.com.br\/wp-content\/uploads\/2025\/10\/EC03-GS7BPFKS575A-SIM-251-39150-2EGA0-A2C1126740401-300x271.jpeg 300w, https:\/\/powerchip.com.br\/wp-content\/uploads\/2025\/10\/EC03-GS7BPFKS575A-SIM-251-39150-2EGA0-A2C1126740401-768x693.jpeg 768w, https:\/\/powerchip.com.br\/wp-content\/uploads\/2025\/10\/EC03-GS7BPFKS575A-SIM-251-39150-2EGA0-A2C1126740401-600x542.jpeg 600w, https:\/\/powerchip.com.br\/wp-content\/uploads\/2025\/10\/EC03-GS7BPFKS575A-SIM-251-39150-2EGA0-A2C1126740401.jpeg 914w\" sizes=\"auto, (max-width: 300px) 100vw, 300px\" \/><img loading=\"lazy\" decoding=\"async\" class=\"alignnone size-medium wp-image-319\" src=\"https:\/\/powerchip.com.br\/wp-content\/uploads\/2025\/10\/foto-de-zip-INJECAO-DECODE-DECAT--300x198.jpg\" alt=\"\" width=\"300\" height=\"198\" srcset=\"https:\/\/powerchip.com.br\/wp-content\/uploads\/2025\/10\/foto-de-zip-INJECAO-DECODE-DECAT--300x198.jpg 300w, https:\/\/powerchip.com.br\/wp-content\/uploads\/2025\/10\/foto-de-zip-INJECAO-DECODE-DECAT--768x506.jpg 768w, https:\/\/powerchip.com.br\/wp-content\/uploads\/2025\/10\/foto-de-zip-INJECAO-DECODE-DECAT--600x396.jpg 600w, https:\/\/powerchip.com.br\/wp-content\/uploads\/2025\/10\/foto-de-zip-INJECAO-DECODE-DECAT-.jpg 775w\" sizes=\"auto, (max-width: 300px) 100vw, 300px\" \/><img loading=\"lazy\" decoding=\"async\" class=\"alignnone size-medium wp-image-348\" src=\"https:\/\/powerchip.com.br\/wp-content\/uploads\/2025\/10\/Hyundai-SIM2K-251-Wiring-BOOT--300x251.jpg\" alt=\"\" width=\"300\" height=\"251\" srcset=\"https:\/\/powerchip.com.br\/wp-content\/uploads\/2025\/10\/Hyundai-SIM2K-251-Wiring-BOOT--300x251.jpg 300w, https:\/\/powerchip.com.br\/wp-content\/uploads\/2025\/10\/Hyundai-SIM2K-251-Wiring-BOOT--1024x857.jpg 1024w, https:\/\/powerchip.com.br\/wp-content\/uploads\/2025\/10\/Hyundai-SIM2K-251-Wiring-BOOT--768x642.jpg 768w, https:\/\/powerchip.com.br\/wp-content\/uploads\/2025\/10\/Hyundai-SIM2K-251-Wiring-BOOT--1536x1285.jpg 1536w, https:\/\/powerchip.com.br\/wp-content\/uploads\/2025\/10\/Hyundai-SIM2K-251-Wiring-BOOT--2048x1713.jpg 2048w, https:\/\/powerchip.com.br\/wp-content\/uploads\/2025\/10\/Hyundai-SIM2K-251-Wiring-BOOT--600x502.jpg 600w\" sizes=\"auto, (max-width: 300px) 100vw, 300px\" \/><img loading=\"lazy\" decoding=\"async\" class=\"alignnone size-medium wp-image-360\" src=\"https:\/\/powerchip.com.br\/wp-content\/uploads\/2025\/10\/foto-de-zip-INJECAO-DECODE--300x198.jpg\" alt=\"\" width=\"300\" height=\"198\" srcset=\"https:\/\/powerchip.com.br\/wp-content\/uploads\/2025\/10\/foto-de-zip-INJECAO-DECODE--300x198.jpg 300w, https:\/\/powerchip.com.br\/wp-content\/uploads\/2025\/10\/foto-de-zip-INJECAO-DECODE--768x506.jpg 768w, https:\/\/powerchip.com.br\/wp-content\/uploads\/2025\/10\/foto-de-zip-INJECAO-DECODE--600x396.jpg 600w, https:\/\/powerchip.com.br\/wp-content\/uploads\/2025\/10\/foto-de-zip-INJECAO-DECODE-.jpg 775w\" sizes=\"auto, (max-width: 300px) 100vw, 300px\" \/><img loading=\"lazy\" decoding=\"async\" class=\"alignnone size-medium wp-image-948\" src=\"https:\/\/powerchip.com.br\/wp-content\/uploads\/2025\/11\/foto-de-zip-original--300x175.jpg\" alt=\"\" width=\"300\" height=\"175\" srcset=\"https:\/\/powerchip.com.br\/wp-content\/uploads\/2025\/11\/foto-de-zip-original--300x175.jpg 300w, https:\/\/powerchip.com.br\/wp-content\/uploads\/2025\/11\/foto-de-zip-original--600x350.jpg 600w, https:\/\/powerchip.com.br\/wp-content\/uploads\/2025\/11\/foto-de-zip-original-.jpg 727w\" sizes=\"auto, (max-width: 300px) 100vw, 300px\" \/><img loading=\"lazy\" decoding=\"async\" class=\"alignnone size-medium wp-image-944\" src=\"https:\/\/powerchip.com.br\/wp-content\/uploads\/2025\/11\/foto-de-zip-catalizador--300x174.jpg\" alt=\"\" width=\"300\" height=\"174\" srcset=\"https:\/\/powerchip.com.br\/wp-content\/uploads\/2025\/11\/foto-de-zip-catalizador--300x174.jpg 300w, https:\/\/powerchip.com.br\/wp-content\/uploads\/2025\/11\/foto-de-zip-catalizador--600x348.jpg 600w, https:\/\/powerchip.com.br\/wp-content\/uploads\/2025\/11\/foto-de-zip-catalizador-.jpg 733w\" sizes=\"auto, (max-width: 300px) 100vw, 300px\" \/><\/p>\n","protected":false},"excerpt":{"rendered":"<p>Creta\u00a0 autom\u00e1tico Arquivo &#8220;Decode&#8221; e IMMO_OFF_CAT+OFF, da inje\u00e7\u00e3o SIM2K-251 EC03 GS7BPFKS575A SIM-251 39150 2EGA0 A2C1126740401 615Q075000000.<\/p>\n<p><img loading=\"lazy\" decoding=\"async\" class=\"alignnone size-medium wp-image-348\" src=\"https:\/\/powerchip.com.br\/wp-content\/uploads\/2025\/10\/Hyundai-SIM2K-251-Wiring-BOOT--300x251.jpg\" alt=\"\" width=\"300\" height=\"251\" srcset=\"https:\/\/powerchip.com.br\/wp-content\/uploads\/2025\/10\/Hyundai-SIM2K-251-Wiring-BOOT--300x251.jpg 300w, https:\/\/powerchip.com.br\/wp-content\/uploads\/2025\/10\/Hyundai-SIM2K-251-Wiring-BOOT--1024x857.jpg 1024w, https:\/\/powerchip.com.br\/wp-content\/uploads\/2025\/10\/Hyundai-SIM2K-251-Wiring-BOOT--768x642.jpg 768w, https:\/\/powerchip.com.br\/wp-content\/uploads\/2025\/10\/Hyundai-SIM2K-251-Wiring-BOOT--1536x1285.jpg 1536w, https:\/\/powerchip.com.br\/wp-content\/uploads\/2025\/10\/Hyundai-SIM2K-251-Wiring-BOOT--2048x1713.jpg 2048w, https:\/\/powerchip.com.br\/wp-content\/uploads\/2025\/10\/Hyundai-SIM2K-251-Wiring-BOOT--600x502.jpg 600w\" sizes=\"auto, (max-width: 300px) 100vw, 300px\" \/><img loading=\"lazy\" decoding=\"async\" class=\"alignnone size-medium wp-image-319\" src=\"https:\/\/powerchip.com.br\/wp-content\/uploads\/2025\/10\/foto-de-zip-INJECAO-DECODE-DECAT--300x198.jpg\" alt=\"\" width=\"300\" height=\"198\" srcset=\"https:\/\/powerchip.com.br\/wp-content\/uploads\/2025\/10\/foto-de-zip-INJECAO-DECODE-DECAT--300x198.jpg 300w, https:\/\/powerchip.com.br\/wp-content\/uploads\/2025\/10\/foto-de-zip-INJECAO-DECODE-DECAT--768x506.jpg 768w, https:\/\/powerchip.com.br\/wp-content\/uploads\/2025\/10\/foto-de-zip-INJECAO-DECODE-DECAT--600x396.jpg 600w, https:\/\/powerchip.com.br\/wp-content\/uploads\/2025\/10\/foto-de-zip-INJECAO-DECODE-DECAT-.jpg 775w\" sizes=\"auto, (max-width: 300px) 100vw, 300px\" \/><img loading=\"lazy\" decoding=\"async\" class=\"alignnone size-medium wp-image-346\" src=\"https:\/\/powerchip.com.br\/wp-content\/uploads\/2025\/10\/EC03-GS7BPFKS575A-SIM-251-39150-2EGA0-A2C1126740401--300x285.jpeg\" alt=\"\" width=\"300\" height=\"285\" srcset=\"https:\/\/powerchip.com.br\/wp-content\/uploads\/2025\/10\/EC03-GS7BPFKS575A-SIM-251-39150-2EGA0-A2C1126740401--300x285.jpeg 300w, https:\/\/powerchip.com.br\/wp-content\/uploads\/2025\/10\/EC03-GS7BPFKS575A-SIM-251-39150-2EGA0-A2C1126740401--768x730.jpeg 768w, https:\/\/powerchip.com.br\/wp-content\/uploads\/2025\/10\/EC03-GS7BPFKS575A-SIM-251-39150-2EGA0-A2C1126740401--600x570.jpeg 600w, https:\/\/powerchip.com.br\/wp-content\/uploads\/2025\/10\/EC03-GS7BPFKS575A-SIM-251-39150-2EGA0-A2C1126740401-.jpeg 871w\" sizes=\"auto, (max-width: 300px) 100vw, 300px\" \/><img loading=\"lazy\" decoding=\"async\" class=\"alignnone size-medium wp-image-360\" src=\"https:\/\/powerchip.com.br\/wp-content\/uploads\/2025\/10\/foto-de-zip-INJECAO-DECODE--300x198.jpg\" alt=\"\" width=\"300\" height=\"198\" srcset=\"https:\/\/powerchip.com.br\/wp-content\/uploads\/2025\/10\/foto-de-zip-INJECAO-DECODE--300x198.jpg 300w, https:\/\/powerchip.com.br\/wp-content\/uploads\/2025\/10\/foto-de-zip-INJECAO-DECODE--768x506.jpg 768w, https:\/\/powerchip.com.br\/wp-content\/uploads\/2025\/10\/foto-de-zip-INJECAO-DECODE--600x396.jpg 600w, https:\/\/powerchip.com.br\/wp-content\/uploads\/2025\/10\/foto-de-zip-INJECAO-DECODE-.jpg 775w\" sizes=\"auto, (max-width: 300px) 100vw, 300px\" \/><img loading=\"lazy\" decoding=\"async\" class=\"alignnone size-medium wp-image-948\" src=\"https:\/\/powerchip.com.br\/wp-content\/uploads\/2025\/11\/foto-de-zip-original--300x175.jpg\" alt=\"\" width=\"300\" height=\"175\" srcset=\"https:\/\/powerchip.com.br\/wp-content\/uploads\/2025\/11\/foto-de-zip-original--300x175.jpg 300w, https:\/\/powerchip.com.br\/wp-content\/uploads\/2025\/11\/foto-de-zip-original--600x350.jpg 600w, https:\/\/powerchip.com.br\/wp-content\/uploads\/2025\/11\/foto-de-zip-original-.jpg 727w\" sizes=\"auto, (max-width: 300px) 100vw, 300px\" \/><img loading=\"lazy\" decoding=\"async\" class=\"alignnone size-medium wp-image-944\" src=\"https:\/\/powerchip.com.br\/wp-content\/uploads\/2025\/11\/foto-de-zip-catalizador--300x174.jpg\" alt=\"\" width=\"300\" height=\"174\" srcset=\"https:\/\/powerchip.com.br\/wp-content\/uploads\/2025\/11\/foto-de-zip-catalizador--300x174.jpg 300w, https:\/\/powerchip.com.br\/wp-content\/uploads\/2025\/11\/foto-de-zip-catalizador--600x348.jpg 600w, https:\/\/powerchip.com.br\/wp-content\/uploads\/2025\/11\/foto-de-zip-catalizador-.jpg 733w\" sizes=\"auto, (max-width: 300px) 100vw, 300px\" \/><\/p>\n","protected":false},"featured_media":319,"template":"","meta":{"_joinchat":[]},"product_brand":[],"product_cat":[2079],"product_tag":[133,135,134,126,129,125,127,131,132,128,130],"class_list":{"0":"post-344","1":"product","2":"type-product","3":"status-publish","4":"has-post-thumbnail","6":"product_cat-hyundai-kia","7":"product_tag-39150-2ega0","8":"product_tag-615q075000000","9":"product_tag-a2c1126740401","10":"product_tag-automatico","11":"product_tag-catoff","12":"product_tag-creta","13":"product_tag-decode","14":"product_tag-ec03","15":"product_tag-gs7bpfks575a","16":"product_tag-immo_off","17":"product_tag-sim2k-251","19":"first","20":"instock","21":"downloadable","22":"virtual","23":"purchasable","24":"product-type-simple"},"jetpack_sharing_enabled":true,"_links":{"self":[{"href":"https:\/\/powerchip.com.br\/index.php\/wp-json\/wp\/v2\/product\/344","targetHints":{"allow":["GET"]}}],"collection":[{"href":"https:\/\/powerchip.com.br\/index.php\/wp-json\/wp\/v2\/product"}],"about":[{"href":"https:\/\/powerchip.com.br\/index.php\/wp-json\/wp\/v2\/types\/product"}],"wp:featuredmedia":[{"embeddable":true,"href":"https:\/\/powerchip.com.br\/index.php\/wp-json\/wp\/v2\/media\/319"}],"wp:attachment":[{"href":"https:\/\/powerchip.com.br\/index.php\/wp-json\/wp\/v2\/media?parent=344"}],"wp:term":[{"taxonomy":"product_brand","embeddable":true,"href":"https:\/\/powerchip.com.br\/index.php\/wp-json\/wp\/v2\/product_brand?post=344"},{"taxonomy":"product_cat","embeddable":true,"href":"https:\/\/powerchip.com.br\/index.php\/wp-json\/wp\/v2\/product_cat?post=344"},{"taxonomy":"product_tag","embeddable":true,"href":"https:\/\/powerchip.com.br\/index.php\/wp-json\/wp\/v2\/product_tag?post=344"}],"curies":[{"name":"wp","href":"https:\/\/api.w.org\/{rel}","templated":true}]}}