{"id":243,"date":"2025-10-21T19:40:30","date_gmt":"2025-10-21T19:40:30","guid":{"rendered":"https:\/\/powerchip.com.br\/?post_type=product&#038;p=243"},"modified":"2025-11-01T14:21:29","modified_gmt":"2025-11-01T14:21:29","slug":"arquivo-original-e-com-decat-para-modulo-de-injecao-jac-motors-t40-1-6-2019","status":"publish","type":"product","link":"https:\/\/powerchip.com.br\/index.php\/produto\/arquivo-original-e-com-decat-para-modulo-de-injecao-jac-motors-t40-1-6-2019\/","title":{"rendered":"JAC T40 ARQUIVO ORIGINAL E COM DECAT PARA MODULO DE INJECAO JAC MOTORS JAC T40 10381524028487430   1.6 2019"},"content":{"rendered":"<h1 class=\"product-name\">JAC T40 ARQUIVO ORIGINAL E COM DECAT\u00a0 JAC T40 10381524028487430 DELPHI MT62.1 INT flash SPC5634 , PARA MODULO DE INJECAO JAC MOTORS T40 1.6 2019<\/h1>\n<p>&#8220;Lembrete: Este arquivo necessita de prepara\u00e7\u00e3o espec\u00edfica para a central (ECU) de destino antes do uso.&#8221;<\/p>\n<p>Voc\u00ea recebera ap\u00f3s pagar:<\/p>\n<p>02 arquivos.<\/p>\n<p>01\u00a0 arquivo original<\/p>\n<p>+ 01\u00a0 arquivo de\u00a0 \u00a0cat-off para escapes.<\/p>\n<p><a href=\"https:\/\/powerchip.com.br\/index.php\/como-comprar\/\">Como comprar<\/a><\/p>\n<p><a href=\"https:\/\/powerchip.com.br\/index.php\/arquivo-destinado-a-profissionais\/\">Arquivo destinado a profissionais<\/a>.<\/p>\n<p><a href=\"https:\/\/powerchip.com.br\/index.php\/como-usar-o-arquivo-comprado\/\">Como usar o arquivo<\/a>.<\/p>\n<audio class=\"wp-audio-shortcode\" id=\"audio-243-1\" preload=\"none\" style=\"width: 100%;\" controls=\"controls\"><source type=\"audio\/ogg\" src=\"https:\/\/powerchip.com.br\/wp-content\/uploads\/2025\/10\/AUDIO-CATALIZADOR-DECAT-CAT-OFF-.ogg?_=1\" \/><a href=\"https:\/\/powerchip.com.br\/wp-content\/uploads\/2025\/10\/AUDIO-CATALIZADOR-DECAT-CAT-OFF-.ogg\">https:\/\/powerchip.com.br\/wp-content\/uploads\/2025\/10\/AUDIO-CATALIZADOR-DECAT-CAT-OFF-.ogg<\/a><\/audio>\n<p>&nbsp;<\/p>\n<p><img loading=\"lazy\" decoding=\"async\" class=\"alignnone size-medium wp-image-248\" src=\"https:\/\/powerchip.com.br\/wp-content\/uploads\/2025\/10\/ARQUIVO-ORIGINAL-PARA-MODULO-DE-INJECAO-JAC-MOTORS-T40-1.6-2019-300x196.jpg\" alt=\"\" width=\"300\" height=\"196\" srcset=\"https:\/\/powerchip.com.br\/wp-content\/uploads\/2025\/10\/ARQUIVO-ORIGINAL-PARA-MODULO-DE-INJECAO-JAC-MOTORS-T40-1.6-2019-300x196.jpg 300w, https:\/\/powerchip.com.br\/wp-content\/uploads\/2025\/10\/ARQUIVO-ORIGINAL-PARA-MODULO-DE-INJECAO-JAC-MOTORS-T40-1.6-2019-768x502.jpg 768w, https:\/\/powerchip.com.br\/wp-content\/uploads\/2025\/10\/ARQUIVO-ORIGINAL-PARA-MODULO-DE-INJECAO-JAC-MOTORS-T40-1.6-2019-600x392.jpg 600w, https:\/\/powerchip.com.br\/wp-content\/uploads\/2025\/10\/ARQUIVO-ORIGINAL-PARA-MODULO-DE-INJECAO-JAC-MOTORS-T40-1.6-2019.jpg 873w\" sizes=\"auto, (max-width: 300px) 100vw, 300px\" \/> <img loading=\"lazy\" decoding=\"async\" class=\"alignnone size-medium wp-image-301\" src=\"https:\/\/powerchip.com.br\/wp-content\/uploads\/2025\/10\/foto-de-zip-INJECAO-DECAT--300x198.jpg\" alt=\"\" width=\"300\" height=\"198\" srcset=\"https:\/\/powerchip.com.br\/wp-content\/uploads\/2025\/10\/foto-de-zip-INJECAO-DECAT--300x198.jpg 300w, https:\/\/powerchip.com.br\/wp-content\/uploads\/2025\/10\/foto-de-zip-INJECAO-DECAT--768x506.jpg 768w, https:\/\/powerchip.com.br\/wp-content\/uploads\/2025\/10\/foto-de-zip-INJECAO-DECAT--600x396.jpg 600w, https:\/\/powerchip.com.br\/wp-content\/uploads\/2025\/10\/foto-de-zip-INJECAO-DECAT-.jpg 775w\" sizes=\"auto, (max-width: 300px) 100vw, 300px\" \/><\/p>\n<p>N\u00c3O VENDEMOS\u00a0 MODULOS DE INJE\u00c7AO, SOMENTE ARQUIVOS<\/p>\n","protected":false},"excerpt":{"rendered":"<p>N\u00c3O VENDEMOS\u00a0 MODULOS DE INJE\u00c7AO, SOMENTE ARQUIVOS<\/p>\n<h1 class=\"product-name\">VOCE COMPRA AQUI ARQUIVO DO JAC T40 ARQUIVO ORIGINAL E COM DECAT\u00a0 JAC T40 10381524028487430 DELPHI MT62.1<\/h1>\n<p><img loading=\"lazy\" decoding=\"async\" class=\"alignnone size-medium wp-image-248\" src=\"https:\/\/powerchip.com.br\/wp-content\/uploads\/2025\/10\/ARQUIVO-ORIGINAL-PARA-MODULO-DE-INJECAO-JAC-MOTORS-T40-1.6-2019-300x196.jpg\" alt=\"\" width=\"300\" height=\"196\" srcset=\"https:\/\/powerchip.com.br\/wp-content\/uploads\/2025\/10\/ARQUIVO-ORIGINAL-PARA-MODULO-DE-INJECAO-JAC-MOTORS-T40-1.6-2019-300x196.jpg 300w, https:\/\/powerchip.com.br\/wp-content\/uploads\/2025\/10\/ARQUIVO-ORIGINAL-PARA-MODULO-DE-INJECAO-JAC-MOTORS-T40-1.6-2019-768x502.jpg 768w, https:\/\/powerchip.com.br\/wp-content\/uploads\/2025\/10\/ARQUIVO-ORIGINAL-PARA-MODULO-DE-INJECAO-JAC-MOTORS-T40-1.6-2019-600x392.jpg 600w, https:\/\/powerchip.com.br\/wp-content\/uploads\/2025\/10\/ARQUIVO-ORIGINAL-PARA-MODULO-DE-INJECAO-JAC-MOTORS-T40-1.6-2019.jpg 873w\" sizes=\"auto, (max-width: 300px) 100vw, 300px\" \/><img loading=\"lazy\" decoding=\"async\" class=\"alignnone size-medium wp-image-301\" src=\"https:\/\/powerchip.com.br\/wp-content\/uploads\/2025\/10\/foto-de-zip-INJECAO-DECAT--300x198.jpg\" alt=\"\" width=\"300\" height=\"198\" srcset=\"https:\/\/powerchip.com.br\/wp-content\/uploads\/2025\/10\/foto-de-zip-INJECAO-DECAT--300x198.jpg 300w, https:\/\/powerchip.com.br\/wp-content\/uploads\/2025\/10\/foto-de-zip-INJECAO-DECAT--768x506.jpg 768w, https:\/\/powerchip.com.br\/wp-content\/uploads\/2025\/10\/foto-de-zip-INJECAO-DECAT--600x396.jpg 600w, https:\/\/powerchip.com.br\/wp-content\/uploads\/2025\/10\/foto-de-zip-INJECAO-DECAT-.jpg 775w\" sizes=\"auto, (max-width: 300px) 100vw, 300px\" \/><\/p>\n","protected":false},"featured_media":301,"template":"","meta":{"_joinchat":[]},"product_brand":[],"product_cat":[31],"product_tag":[50,51,49,52],"class_list":{"0":"post-243","1":"product","2":"type-product","3":"status-publish","4":"has-post-thumbnail","6":"product_cat-jac","7":"product_tag-50","8":"product_tag-delphi","9":"product_tag-jac-t40","10":"product_tag-mt62-1","12":"first","13":"instock","14":"downloadable","15":"virtual","16":"purchasable","17":"product-type-simple"},"jetpack_sharing_enabled":true,"_links":{"self":[{"href":"https:\/\/powerchip.com.br\/index.php\/wp-json\/wp\/v2\/product\/243","targetHints":{"allow":["GET"]}}],"collection":[{"href":"https:\/\/powerchip.com.br\/index.php\/wp-json\/wp\/v2\/product"}],"about":[{"href":"https:\/\/powerchip.com.br\/index.php\/wp-json\/wp\/v2\/types\/product"}],"wp:featuredmedia":[{"embeddable":true,"href":"https:\/\/powerchip.com.br\/index.php\/wp-json\/wp\/v2\/media\/301"}],"wp:attachment":[{"href":"https:\/\/powerchip.com.br\/index.php\/wp-json\/wp\/v2\/media?parent=243"}],"wp:term":[{"taxonomy":"product_brand","embeddable":true,"href":"https:\/\/powerchip.com.br\/index.php\/wp-json\/wp\/v2\/product_brand?post=243"},{"taxonomy":"product_cat","embeddable":true,"href":"https:\/\/powerchip.com.br\/index.php\/wp-json\/wp\/v2\/product_cat?post=243"},{"taxonomy":"product_tag","embeddable":true,"href":"https:\/\/powerchip.com.br\/index.php\/wp-json\/wp\/v2\/product_tag?post=243"}],"curies":[{"name":"wp","href":"https:\/\/api.w.org\/{rel}","templated":true}]}}