{"id":1842,"date":"2026-04-16T20:03:54","date_gmt":"2026-04-16T20:03:54","guid":{"rendered":"https:\/\/powerchip.com.br\/?post_type=product&#038;p=1842"},"modified":"2026-04-16T20:04:23","modified_gmt":"2026-04-16T20:04:23","slug":"arquivo-para-amarok-edc17cp54-v6-dpf-egr-dtc-decat-arquivo-original-tc1793-edc17_cp54-tc1793-059907309j-2h6907311ac-10sw0689531556apfb-10sw0044021556ap05-edc17cp54-p1556-c1556apf","status":"publish","type":"product","link":"https:\/\/powerchip.com.br\/index.php\/produto\/arquivo-para-amarok-edc17cp54-v6-dpf-egr-dtc-decat-arquivo-original-tc1793-edc17_cp54-tc1793-059907309j-2h6907311ac-10sw0689531556apfb-10sw0044021556ap05-edc17cp54-p1556-c1556apf\/","title":{"rendered":"ARQUIVO PARA AMAROK Edc17cp54 V6\u00a0 DPF + EGR DTC DECAT + ARQUIVO ORIGINAL TC1793 EDC17_CP54\u00a0\u00a0 TC1793 059907309J 2H6907311AC 10SW0689531556APFB 10SW0044021556AP05 EDC17CP54 P1556 C1556APFB DDXC"},"content":{"rendered":"<p>ARQUIVO PARA AMAROK Edc17cp54 V6\u00a0 DPF + EGR DTC DECAT + ARQUIVO ORIGINAL TC1793 EDC17_CP54\u00a0\u00a0 TC1793 059907309J 2H6907311AC 10SW0689531556APFB 10SW0044021556AP05 EDC17CP54 P1556 C1556APFB DDXC<\/p>\n<p>DECAT CAT\u00a0 OFF ,\u00a0 \u00a0DPF EGR<\/p>\n<p><img loading=\"lazy\" decoding=\"async\" class=\"alignnone size-full wp-image-1040\" src=\"https:\/\/powerchip.com.br\/wp-content\/uploads\/2025\/11\/alto-falante.jpg\" alt=\"\" width=\"67\" height=\"55\" \/>\u00a0 \u00a0<strong>\u00a0Lembrete: Este arquivo SIM\u00a0 OU\u00a0 N\u00c3O necessita de prepara\u00e7\u00e3o espec\u00edfica para a central (ECU) de destino ( N\u00c3O USE\u00a0 EM ECU OPEN\u00a0 OU ENTRE EM CONTATO SE N\u00c3O SOUBER USAR , NORMALMENTE COPIAMOS DADOS E ACERTAMOS O SUM) .\u201d<\/strong><\/p>\n<p>Voc\u00ea receber\u00e1 ap\u00f3s pagar:<\/p>\n<p><strong>02 ARQUIVO DA POWERCHIP\u00a0 \u00a0ORIGINAL\u00a0 \u00a0 + EGR + DTC ,\u00a0 ALGUM MAPA MODIFICADO COM DTC INIBIDO ..<\/strong><\/p>\n<p><img loading=\"lazy\" decoding=\"async\" class=\"alignnone size-full wp-image-1039\" src=\"https:\/\/powerchip.com.br\/wp-content\/uploads\/2025\/11\/veja-acima.jpg\" alt=\"\" width=\"21\" height=\"34\" \/><\/p>\n<p>&nbsp;<\/p>\n<p><img loading=\"lazy\" decoding=\"async\" class=\"alignnone size-full wp-image-1042\" src=\"https:\/\/powerchip.com.br\/wp-content\/uploads\/2025\/11\/pistao.jpg\" alt=\"\" width=\"17\" height=\"41\" \/>\u00a0\u00a0ARQUIVO ORIGINAL<\/p>\n<p><img loading=\"lazy\" decoding=\"async\" class=\"alignnone size-full wp-image-1042\" src=\"https:\/\/powerchip.com.br\/wp-content\/uploads\/2025\/11\/pistao.jpg\" alt=\"\" width=\"17\" height=\"41\" \/><img loading=\"lazy\" decoding=\"async\" class=\"alignnone size-full wp-image-1042\" src=\"https:\/\/powerchip.com.br\/wp-content\/uploads\/2025\/11\/pistao.jpg\" alt=\"\" width=\"17\" height=\"41\" \/> ARQUIVO\u00a0 MOD\u00a0 \u00a0 DPF EGR\u00a0 DTC\u00a0 DECAT+DTC<\/p>\n<p>Um profissional saber\u00e1 utilizar isso , ou ap\u00f3s a compra entre em contato.<\/p>\n<p>Nem todas as vers\u00f5es de software podem ser compat\u00edveis.<br \/>\nPara adicionar uma nova vers\u00e3o de software, entre em contato com o portal de suporte e anexe um arquivo.<br \/>\nO uso \u00e9 por sua conta e risco.<\/p>\n<p>O\u00a0\u00a0<strong>\u00a0MAPA MODIFICADO \u00e9\u00a0<\/strong>para diagn\u00f3stico e verifica\u00e7\u00e3o da ECU durante o reparo.<br \/>\nNem todas as vers\u00f5es de software podem ser compat\u00edveis.<br \/>\nPara adicionar uma nova vers\u00e3o de software, entre em contato com o portal de suporte e anexe um arquivo.<br \/>\nO uso \u00e9 por sua conta e risco.<\/p>\n<p>O m\u00f3dulo permite O\u00a0\u00a0<strong>\u00a0MAPA MODIFICADO\u00a0\u00a0<\/strong>\u00a0( O\u00a0\u00a0<strong>\u00a0MAPA MODIFICADO \u00e9\u00a0<\/strong>\u00a0por exemplo, para verificar os componentes do sistema)<\/p>\n<p>Sempre leia e salve seu original para seguran\u00e7a.<\/p>\n<p>Mande um e-mail ou chame no Whatzapp. (16)991342577<\/p>\n<p>&nbsp;<\/p>\n<p><a href=\"https:\/\/powerchip.com.br\/index.php\/arquivo-destinado-a-profissionais\/\">Arquivo destinado a profissionais<\/a>.<\/p>\n<p><a href=\"https:\/\/powerchip.com.br\/index.php\/como-usar-o-arquivo-comprado\/\">Como usar o arquivo<\/a>.<\/p>\n<p><a href=\"https:\/\/powerchip.com.br\/index.php\/como-comprar\/\">Como comprar<\/a><\/p>\n","protected":false},"excerpt":{"rendered":"<p>ARQUIVO PARA AMAROK Edc17cp54 V6\u00a0 DPF + EGR DTC DECAT + ARQUIVO ORIGINAL TC1793 EDC17_CP54\u00a0\u00a0 TC1793 059907309J 2H6907311AC 10SW0689531556APFB 10SW0044021556AP05 EDC17CP54 P1556 C1556APFB DDXC DECAT CAT\u00a0 OFF ,\u00a0 \u00a0DPF EGR \u00a0 \u00a0\u00a0Lembrete: Este arquivo SIM\u00a0 OU\u00a0 N\u00c3O necessita de prepara\u00e7\u00e3o espec\u00edfica para a central (ECU) de destino ( N\u00c3O USE\u00a0 EM ECU OPEN\u00a0 OU ENTRE [&hellip;]<\/p>\n","protected":false},"featured_media":1831,"template":"","meta":{"_joinchat":[]},"product_brand":[],"product_cat":[32],"product_tag":[1356,1357,2268,562,2267,2269,2270,2128,1360],"class_list":{"0":"post-1842","1":"product","2":"type-product","3":"status-publish","4":"has-post-thumbnail","6":"product_cat-vw","7":"product_tag-059907309j","8":"product_tag-10sw0044021556ap05","9":"product_tag-10sw0689531556apfb","10":"product_tag-562","11":"product_tag-2h6907311ac","12":"product_tag-c1556apfb","13":"product_tag-ddxc","14":"product_tag-edc17cp54","15":"product_tag-p1556","17":"first","18":"instock","19":"downloadable","20":"virtual","21":"purchasable","22":"product-type-simple"},"jetpack_sharing_enabled":true,"_links":{"self":[{"href":"https:\/\/powerchip.com.br\/index.php\/wp-json\/wp\/v2\/product\/1842","targetHints":{"allow":["GET"]}}],"collection":[{"href":"https:\/\/powerchip.com.br\/index.php\/wp-json\/wp\/v2\/product"}],"about":[{"href":"https:\/\/powerchip.com.br\/index.php\/wp-json\/wp\/v2\/types\/product"}],"wp:featuredmedia":[{"embeddable":true,"href":"https:\/\/powerchip.com.br\/index.php\/wp-json\/wp\/v2\/media\/1831"}],"wp:attachment":[{"href":"https:\/\/powerchip.com.br\/index.php\/wp-json\/wp\/v2\/media?parent=1842"}],"wp:term":[{"taxonomy":"product_brand","embeddable":true,"href":"https:\/\/powerchip.com.br\/index.php\/wp-json\/wp\/v2\/product_brand?post=1842"},{"taxonomy":"product_cat","embeddable":true,"href":"https:\/\/powerchip.com.br\/index.php\/wp-json\/wp\/v2\/product_cat?post=1842"},{"taxonomy":"product_tag","embeddable":true,"href":"https:\/\/powerchip.com.br\/index.php\/wp-json\/wp\/v2\/product_tag?post=1842"}],"curies":[{"name":"wp","href":"https:\/\/api.w.org\/{rel}","templated":true}]}}