{"id":1739,"date":"2026-03-30T18:32:45","date_gmt":"2026-03-30T18:32:45","guid":{"rendered":"https:\/\/powerchip.com.br\/?post_type=product&#038;p=1739"},"modified":"2026-03-30T19:26:01","modified_gmt":"2026-03-30T19:26:01","slug":"arquivo-decode-0261s1001l-bosch-0261s1001l-me17-9-23-kwid-tc1724_10sw0458231469_450-original","status":"publish","type":"product","link":"https:\/\/powerchip.com.br\/index.php\/produto\/arquivo-decode-0261s1001l-bosch-0261s1001l-me17-9-23-kwid-tc1724_10sw0458231469_450-original\/","title":{"rendered":"ARQUIVO DECODE 0261s1001L BOSCH  0261s1001L  ME17.9.23 KWID TC1724_10SW0458231469_450 + ORIGINAL"},"content":{"rendered":"<p>ARQUIVO DECODE 0261s1001L BOSCH 0261s1001L ME17.9.23 KWID TC1724_10SW0458231469_450 + ORIGINAL<\/p>\n<p>Um profissional saber\u00e1 utilizar isso , ou ap\u00f3s a compra entre em contato.<\/p>\n<p>A Desativa\u00e7\u00e3o da fun\u00e7\u00e3o imobilizador \u00e9 para diagn\u00f3stico e verifica\u00e7\u00e3o da ECU durante o reparo.<br \/>\nNem todas as vers\u00f5es de software podem ser compat\u00edveis.<br \/>\nPara adicionar uma nova vers\u00e3o de software, entre em contato com o portal de suporte e anexe um arquivo.<br \/>\nO uso \u00e9 por sua conta e risco.<\/p>\n<p>O m\u00f3dulo permite desativar o imobilizador (IMMO OFF, por exemplo, para verificar os componentes do sistema)<\/p>\n<p>Sempre leia e salve seu original para seguran\u00e7a.<\/p>\n<p>Mande um e-mail ou chame no Whatzapp. (16)991342577<\/p>\n<p>O uso \u00e9 por sua conta e risco.<\/p>\n<p><a href=\"https:\/\/powerchip.com.br\/index.php\/arquivo-destinado-a-profissionais\/\">Arquivo destinado a profissionais<\/a>.<\/p>\n<p><a href=\"https:\/\/powerchip.com.br\/index.php\/como-usar-o-arquivo-comprado\/\">Como usar o arquivo<\/a>.<\/p>\n<p><a href=\"https:\/\/powerchip.com.br\/index.php\/como-comprar\/\">Como comprar<\/a><\/p>\n","protected":false},"excerpt":{"rendered":"<p>ARQUIVO DECODE 0261s1001L BOSCH 0261s1001L ME17.9.23 KWID TC1724_10SW0458231469_450 + ORIGINAL Um profissional saber\u00e1 utilizar isso , ou ap\u00f3s a compra entre em contato. A Desativa\u00e7\u00e3o da fun\u00e7\u00e3o imobilizador \u00e9 para diagn\u00f3stico e verifica\u00e7\u00e3o da ECU durante o reparo. Nem todas as vers\u00f5es de software podem ser compat\u00edveis. Para adicionar uma nova vers\u00e3o de software, entre [&hellip;]<\/p>\n","protected":false},"featured_media":1733,"template":"","meta":{"_joinchat":[]},"product_brand":[],"product_cat":[248],"product_tag":[2133,2135,2125,1658,964,2134,433,413],"class_list":{"0":"post-1739","1":"product","2":"type-product","3":"status-publish","4":"has-post-thumbnail","6":"product_cat-renault","7":"product_tag-0261s1001l","8":"product_tag-10sw0458231469_450","9":"product_tag-17-9-23","10":"product_tag-arquivo-decode","11":"product_tag-bosch","12":"product_tag-kwid","13":"product_tag-me","14":"product_tag-tc1724","16":"first","17":"instock","18":"downloadable","19":"virtual","20":"purchasable","21":"product-type-simple"},"jetpack_sharing_enabled":true,"_links":{"self":[{"href":"https:\/\/powerchip.com.br\/index.php\/wp-json\/wp\/v2\/product\/1739","targetHints":{"allow":["GET"]}}],"collection":[{"href":"https:\/\/powerchip.com.br\/index.php\/wp-json\/wp\/v2\/product"}],"about":[{"href":"https:\/\/powerchip.com.br\/index.php\/wp-json\/wp\/v2\/types\/product"}],"wp:featuredmedia":[{"embeddable":true,"href":"https:\/\/powerchip.com.br\/index.php\/wp-json\/wp\/v2\/media\/1733"}],"wp:attachment":[{"href":"https:\/\/powerchip.com.br\/index.php\/wp-json\/wp\/v2\/media?parent=1739"}],"wp:term":[{"taxonomy":"product_brand","embeddable":true,"href":"https:\/\/powerchip.com.br\/index.php\/wp-json\/wp\/v2\/product_brand?post=1739"},{"taxonomy":"product_cat","embeddable":true,"href":"https:\/\/powerchip.com.br\/index.php\/wp-json\/wp\/v2\/product_cat?post=1739"},{"taxonomy":"product_tag","embeddable":true,"href":"https:\/\/powerchip.com.br\/index.php\/wp-json\/wp\/v2\/product_tag?post=1739"}],"curies":[{"name":"wp","href":"https:\/\/api.w.org\/{rel}","templated":true}]}}