{"id":1654,"date":"2026-02-27T14:53:45","date_gmt":"2026-02-27T14:53:45","guid":{"rendered":"https:\/\/powerchip.com.br\/?post_type=product&#038;p=1654"},"modified":"2026-02-27T14:55:14","modified_gmt":"2026-02-27T14:55:14","slug":"arquivo-reset-para-airbag-ford-e3b5-14b321-ad-exgoa-reset-manual-de-como-resetar-o-seu-facilmente","status":"publish","type":"product","link":"https:\/\/powerchip.com.br\/index.php\/produto\/arquivo-reset-para-airbag-ford-e3b5-14b321-ad-exgoa-reset-manual-de-como-resetar-o-seu-facilmente\/","title":{"rendered":"ARQUIVO RESET PARA AIRBAG FORD  E3B5-14B321-AD EXGOA   RESET+ MANUAL DE COMO RESETAR O SEU FA\u00c7ILMENTE."},"content":{"rendered":"<p><img loading=\"lazy\" decoding=\"async\" class=\"alignnone size-full wp-image-1040\" src=\"https:\/\/powerchip.com.br\/wp-content\/uploads\/2025\/11\/alto-falante.jpg\" alt=\"\" width=\"67\" height=\"55\" \/>\u00a0 \u00a0<strong>\u00a0<\/strong>\u201cLembrete: Este arquivo SIM necessita de prepara\u00e7\u00e3o espec\u00edfica para a central (ECU) de destino\u00a0 .\u201d<\/p>\n<p>Voc\u00ea receber\u00e1 ap\u00f3s pagar:<\/p>\n<p>03 arquivos.<\/p>\n<p>01\u00a0 arquivo original<\/p>\n<p>+ 01\u00a0 arquivo CLEAR PARA SEUS TESTES.<\/p>\n<p>+ MANUAL DE COMO RESETAR SEU ARQUIVO FA\u00c7ILMENTE.<\/p>\n<p>Arquivo E3B5-14B321-AD EXGOA .<\/p>\n<p>FORD airbag E3B5-14B321-AD EXGOA \u00a0 , arquivo de RESET E3B5-14B321-AD EXGOA ARQUIVO ORIGINAL para base Clear.<\/p>\n<p>Com ele voc\u00ea pode fazer o seu usando de base, um arquivo limpo e testado.<\/p>\n<p>Caso precise limpar o seu lido , entre em contato , mas o pre\u00e7o vai mudar muito.<\/p>\n<p>Pe\u00e7a or\u00e7amento pelo Whatzapp.<\/p>\n<p><a href=\"https:\/\/powerchip.com.br\/index.php\/como-comprar\/\">Como comprar<\/a><\/p>\n<p><a href=\"https:\/\/powerchip.com.br\/index.php\/arquivo-destinado-a-profissionais\/\">Arquivo destinado a profissionais<\/a>.<\/p>\n<p><a href=\"https:\/\/powerchip.com.br\/index.php\/como-usar-o-arquivo-comprado\/\">Como usar o arquivo<\/a>.<\/p>\n","protected":false},"excerpt":{"rendered":"<p>ARQUIVO RESET PARA AIRBAG FORD E3B5-14B321-AD EXGOA RESET+ MANUAL DE COMO RESETAR O SEU FA\u00c7ILMENTE.<\/p>\n","protected":false},"featured_media":920,"template":"","meta":{"_joinchat":[]},"product_brand":[],"product_cat":[69],"product_tag":[233,2060,2061,1478],"class_list":{"0":"post-1654","1":"product","2":"type-product","3":"status-publish","4":"has-post-thumbnail","6":"product_cat-ford","7":"product_tag-airbag","8":"product_tag-e3b5-14b321-ad","9":"product_tag-exgoa","10":"product_tag-ford","12":"first","13":"instock","14":"downloadable","15":"virtual","16":"purchasable","17":"product-type-simple"},"jetpack_sharing_enabled":true,"_links":{"self":[{"href":"https:\/\/powerchip.com.br\/index.php\/wp-json\/wp\/v2\/product\/1654","targetHints":{"allow":["GET"]}}],"collection":[{"href":"https:\/\/powerchip.com.br\/index.php\/wp-json\/wp\/v2\/product"}],"about":[{"href":"https:\/\/powerchip.com.br\/index.php\/wp-json\/wp\/v2\/types\/product"}],"wp:featuredmedia":[{"embeddable":true,"href":"https:\/\/powerchip.com.br\/index.php\/wp-json\/wp\/v2\/media\/920"}],"wp:attachment":[{"href":"https:\/\/powerchip.com.br\/index.php\/wp-json\/wp\/v2\/media?parent=1654"}],"wp:term":[{"taxonomy":"product_brand","embeddable":true,"href":"https:\/\/powerchip.com.br\/index.php\/wp-json\/wp\/v2\/product_brand?post=1654"},{"taxonomy":"product_cat","embeddable":true,"href":"https:\/\/powerchip.com.br\/index.php\/wp-json\/wp\/v2\/product_cat?post=1654"},{"taxonomy":"product_tag","embeddable":true,"href":"https:\/\/powerchip.com.br\/index.php\/wp-json\/wp\/v2\/product_tag?post=1654"}],"curies":[{"name":"wp","href":"https:\/\/api.w.org\/{rel}","templated":true}]}}