{"id":1651,"date":"2026-02-27T14:42:59","date_gmt":"2026-02-27T14:42:59","guid":{"rendered":"https:\/\/powerchip.com.br\/?post_type=product&#038;p=1651"},"modified":"2026-02-27T14:47:06","modified_gmt":"2026-02-27T14:47:06","slug":"arquivo-clear-crash-para-central-ford-cn15-14b321-ae-xc2xxxa-56f-manual-clear-facil","status":"publish","type":"product","link":"https:\/\/powerchip.com.br\/index.php\/produto\/arquivo-clear-crash-para-central-ford-cn15-14b321-ae-xc2xxxa-56f-manual-clear-facil\/","title":{"rendered":"ARQUIVO CLEAR CRASH  PARA CENTRAL FORD CN15-14B321-AE XC2xxxA-56f + MANUAL CLEAR FA\u00c7IL."},"content":{"rendered":"<p>ARQUIVO CLEAR CRASH PARA CENTRAL FORD CN15-14B321-AE XC2xxxA-56f + MANUAL CLEAR FA\u00c7IL.<\/p>\n<p><img loading=\"lazy\" decoding=\"async\" class=\"alignnone size-full wp-image-1040\" src=\"https:\/\/powerchip.com.br\/wp-content\/uploads\/2025\/11\/alto-falante.jpg\" alt=\"\" width=\"67\" height=\"55\" \/>\u00a0 \u00a0<strong>\u00a0<\/strong>\u201cLembrete: Este arquivo SIM necessita de prepara\u00e7\u00e3o espec\u00edfica para a central (ECU) de destino\u00a0 .\u201d<\/p>\n<p>Voc\u00ea receber\u00e1 ap\u00f3s pagar:<\/p>\n<p>03 arquivos.<\/p>\n<p>01\u00a0 arquivo original<\/p>\n<p>+ 01\u00a0 arquivo CLEAR PARA SEUS TESTES.<\/p>\n<p>+ MANUAL DE COMO RESETAR SEU ARQUIVO FA\u00c7ILMENTE.<\/p>\n<p>Arquivo CN15-14B321-AE .<\/p>\n<p>FORD airbag CN15-14B321-AE \u00a0 , arquivo de RESET CN15-14B321-AE ARQUIVO ORIGINAL para base Clear.<\/p>\n<p>Com ele voc\u00ea pode fazer o seu usando de base, um arquivo limpo e testado.<\/p>\n<p>Caso precise limpar o seu lido , entre em contato , mas o pre\u00e7o vai mudar muito.<\/p>\n<p>Pe\u00e7a or\u00e7amento pelo Whatzapp.<\/p>\n<p><a href=\"https:\/\/powerchip.com.br\/index.php\/como-comprar\/\">Como comprar<\/a><\/p>\n<p><a href=\"https:\/\/powerchip.com.br\/index.php\/arquivo-destinado-a-profissionais\/\">Arquivo destinado a profissionais<\/a>.<\/p>\n<p><a href=\"https:\/\/powerchip.com.br\/index.php\/como-usar-o-arquivo-comprado\/\">Como usar o arquivo<\/a>.<\/p>\n","protected":false},"excerpt":{"rendered":"<p>ARQUIVO CLEAR CRASH PARA CENTRAL FORD CN15-14B321-AE XC2xxxA-56f + MANUAL CLEAR FA\u00c7IL.<\/p>\n","protected":false},"featured_media":920,"template":"","meta":{"_joinchat":[]},"product_brand":[],"product_cat":[69],"product_tag":[2058,2059],"class_list":{"0":"post-1651","1":"product","2":"type-product","3":"status-publish","4":"has-post-thumbnail","6":"product_cat-ford","7":"product_tag-cn15-14b321-ae","8":"product_tag-xc2xxxa-56f","10":"first","11":"instock","12":"downloadable","13":"virtual","14":"purchasable","15":"product-type-simple"},"jetpack_sharing_enabled":true,"_links":{"self":[{"href":"https:\/\/powerchip.com.br\/index.php\/wp-json\/wp\/v2\/product\/1651","targetHints":{"allow":["GET"]}}],"collection":[{"href":"https:\/\/powerchip.com.br\/index.php\/wp-json\/wp\/v2\/product"}],"about":[{"href":"https:\/\/powerchip.com.br\/index.php\/wp-json\/wp\/v2\/types\/product"}],"wp:featuredmedia":[{"embeddable":true,"href":"https:\/\/powerchip.com.br\/index.php\/wp-json\/wp\/v2\/media\/920"}],"wp:attachment":[{"href":"https:\/\/powerchip.com.br\/index.php\/wp-json\/wp\/v2\/media?parent=1651"}],"wp:term":[{"taxonomy":"product_brand","embeddable":true,"href":"https:\/\/powerchip.com.br\/index.php\/wp-json\/wp\/v2\/product_brand?post=1651"},{"taxonomy":"product_cat","embeddable":true,"href":"https:\/\/powerchip.com.br\/index.php\/wp-json\/wp\/v2\/product_cat?post=1651"},{"taxonomy":"product_tag","embeddable":true,"href":"https:\/\/powerchip.com.br\/index.php\/wp-json\/wp\/v2\/product_tag?post=1651"}],"curies":[{"name":"wp","href":"https:\/\/api.w.org\/{rel}","templated":true}]}}