{"id":1590,"date":"2026-02-07T14:43:42","date_gmt":"2026-02-07T14:43:42","guid":{"rendered":"https:\/\/powerchip.com.br\/?post_type=product&#038;p=1590"},"modified":"2026-02-07T14:43:43","modified_gmt":"2026-02-07T14:43:43","slug":"manual-como-abrir-central-honda-keihin-e-como-fazer-ferramenta-simples","status":"publish","type":"product","link":"https:\/\/powerchip.com.br\/index.php\/produto\/manual-como-abrir-central-honda-keihin-e-como-fazer-ferramenta-simples\/","title":{"rendered":"MANUAL COMO ABRIR CENTRAL HONDA  KEIHIN E  COMO FAZER FERRAMENTA SIMPLES."},"content":{"rendered":"<p>MANUAL COMO ABRIR CENTRAL HONDA KEIHIN E COMO FAZER FERRAMENTA SIMPLES.<\/p>\n<p>&nbsp;<\/p>\n<p><img loading=\"lazy\" decoding=\"async\" class=\"alignnone size-full wp-image-1040\" src=\"https:\/\/powerchip.com.br\/wp-content\/uploads\/2025\/11\/alto-falante.jpg\" alt=\"\" width=\"67\" height=\"55\" \/>\u00a0 \u00a0<strong>\u00a0<\/strong>\u201cLembrete: MANUAL SOMENTE\u00a0 PARA TECNICOS SEM GARANTIAS DE VOCE CONSERTAR\u00a0 SUA CENTRAL. .\u201d<\/p>\n<p>Voc\u00ea receber\u00e1 ap\u00f3s pagar:<\/p>\n<p>01 MANUAL COMO ABRIR CENTRAL HONDA KEIHIN<\/p>\n<p>01 COMO\u00a0 CONSTRUIR UMA FERRAMENTA\u00a0 SIMPLE PARA ABRIR A CENTRAL COM SEGURAN\u00c7A.<\/p>\n<p>&nbsp;<\/p>\n<p><img loading=\"lazy\" decoding=\"async\" class=\"alignnone size-full wp-image-1039\" src=\"https:\/\/powerchip.com.br\/wp-content\/uploads\/2025\/11\/veja-acima.jpg\" alt=\"\" width=\"21\" height=\"34\" \/><\/p>\n<p>&nbsp;<\/p>\n<p>&nbsp;<\/p>\n<p>Um profissional saber\u00e1 utilizar isso , ou ap\u00f3s a compra entre em contato.<\/p>\n<p>O uso \u00e9 por sua conta e risco.<\/p>\n<p>&nbsp;<\/p>\n<p>Mande um e-mail ou chame no Whatzapp. (16)991342577<\/p>\n<p>O uso \u00e9 por sua conta e risco.<\/p>\n<p><a href=\"https:\/\/powerchip.com.br\/index.php\/arquivo-destinado-a-profissionais\/\">Arquivo destinado a profissionais<\/a>.<\/p>\n<p><a href=\"https:\/\/powerchip.com.br\/index.php\/como-usar-o-arquivo-comprado\/\">Como usar o arquivo<\/a>.<\/p>\n<p><a href=\"https:\/\/powerchip.com.br\/index.php\/como-comprar\/\">Como comprar<\/a><\/p>\n","protected":false},"excerpt":{"rendered":"<p>MANUAL COMO ABRIR CENTRAL HONDA KEIHIN E COMO FAZER FERRAMENTA SIMPLES.<\/p>\n","protected":false},"featured_media":1591,"template":"","meta":{"_joinchat":[]},"product_brand":[],"product_cat":[250],"product_tag":[1983],"class_list":{"0":"post-1590","1":"product","2":"type-product","3":"status-publish","4":"has-post-thumbnail","6":"product_cat-honda","7":"product_tag-manual-como-abrir-central-honda-keihin-e-como-fazer-ferramenta-simples","9":"first","10":"instock","11":"downloadable","12":"virtual","13":"purchasable","14":"product-type-simple"},"jetpack_sharing_enabled":true,"_links":{"self":[{"href":"https:\/\/powerchip.com.br\/index.php\/wp-json\/wp\/v2\/product\/1590","targetHints":{"allow":["GET"]}}],"collection":[{"href":"https:\/\/powerchip.com.br\/index.php\/wp-json\/wp\/v2\/product"}],"about":[{"href":"https:\/\/powerchip.com.br\/index.php\/wp-json\/wp\/v2\/types\/product"}],"wp:featuredmedia":[{"embeddable":true,"href":"https:\/\/powerchip.com.br\/index.php\/wp-json\/wp\/v2\/media\/1591"}],"wp:attachment":[{"href":"https:\/\/powerchip.com.br\/index.php\/wp-json\/wp\/v2\/media?parent=1590"}],"wp:term":[{"taxonomy":"product_brand","embeddable":true,"href":"https:\/\/powerchip.com.br\/index.php\/wp-json\/wp\/v2\/product_brand?post=1590"},{"taxonomy":"product_cat","embeddable":true,"href":"https:\/\/powerchip.com.br\/index.php\/wp-json\/wp\/v2\/product_cat?post=1590"},{"taxonomy":"product_tag","embeddable":true,"href":"https:\/\/powerchip.com.br\/index.php\/wp-json\/wp\/v2\/product_tag?post=1590"}],"curies":[{"name":"wp","href":"https:\/\/api.w.org\/{rel}","templated":true}]}}