{"id":1238,"date":"2025-12-02T21:45:30","date_gmt":"2025-12-02T21:45:30","guid":{"rendered":"https:\/\/powerchip.com.br\/?post_type=product&#038;p=1238"},"modified":"2025-12-02T21:58:37","modified_gmt":"2025-12-02T21:58:37","slug":"bpv2-ssa-122-painel-rpm-cat93c56","status":"publish","type":"product","link":"https:\/\/powerchip.com.br\/index.php\/produto\/bpv2-ssa-122-painel-rpm-cat93c56\/","title":{"rendered":"Ford K\u00e1 , BPV2 SSA 122 PAINEL SEM RPM CAT93C56."},"content":{"rendered":"<p>BPV2 SSA 122 PAINEL SEM RPM CAT93C56,\u00a0 KIT DE ARQUIVOS SOIC DA CENTRAL DE INJE\u00c7AO\u00a0 95160 E DO PAINEL DE INSTRUMENTOS DO FORD K\u00c1.<\/p>\n<p>N\u00e3o consegue programar? Casar? E\u00b4Somente voc\u00ea\u00a0 gravar os arquivos e programar as chaves.<\/p>\n<p>No lugar\u00a0 do rpm tem marcador de combust\u00edvel.<\/p>\n<p><img loading=\"lazy\" decoding=\"async\" class=\"alignnone size-full wp-image-1040\" src=\"https:\/\/powerchip.com.br\/wp-content\/uploads\/2025\/11\/alto-falante.jpg\" alt=\"\" width=\"67\" height=\"55\" \/>\u00a0 \u00a0<strong>\u00a0<\/strong>\u201cLembrete: Este arquivo N\u00c3O\u00a0 necessita de prepara\u00e7\u00e3o espec\u00edfica para a central (ECU) de destino .\u201d VOC\u00ca\u00a0 SOMENTE TEM QUE PROGRAMAR AS CHAVES.<\/p>\n<p>Voc\u00ea receber\u00e1 ap\u00f3s pagar:<\/p>\n<p><strong>A PROMO\u00c7\u00c3O 2 CILINDROS POWERCHIP.<\/strong><\/p>\n<p><img loading=\"lazy\" decoding=\"async\" class=\"alignnone size-full wp-image-1039\" src=\"https:\/\/powerchip.com.br\/wp-content\/uploads\/2025\/11\/veja-acima.jpg\" alt=\"\" width=\"21\" height=\"34\" \/><\/p>\n<p><img loading=\"lazy\" decoding=\"async\" class=\"alignnone size-full wp-image-1042\" src=\"https:\/\/powerchip.com.br\/wp-content\/uploads\/2025\/11\/pistao.jpg\" alt=\"\" width=\"17\" height=\"41\" \/>\u00a0 BPV2 SSA 122 CENTRAL DE INJE\u00c7AO\u00a0 95160\u00a0 FORD KA<\/p>\n<p><img loading=\"lazy\" decoding=\"async\" class=\"alignnone size-full wp-image-1042\" src=\"https:\/\/powerchip.com.br\/wp-content\/uploads\/2025\/11\/pistao.jpg\" alt=\"\" width=\"17\" height=\"41\" \/> <img loading=\"lazy\" decoding=\"async\" class=\"alignnone size-full wp-image-1042\" src=\"https:\/\/powerchip.com.br\/wp-content\/uploads\/2025\/11\/pistao.jpg\" alt=\"\" width=\"17\" height=\"41\" \/> \u00a0 PAINEL SEM RPM CAT93C56\u00a0 FORD KA<\/p>\n<p>&nbsp;<\/p>\n<p>Um profissional saber\u00e1 utilizar isso , ou ap\u00f3s a compra entre em contato.<\/p>\n<p>Mande um e-mail ou chame no Whatzapp. (16)991342577<\/p>\n<p><a href=\"https:\/\/powerchip.com.br\/index.php\/arquivo-destinado-a-profissionais\/\">Arquivo destinado a profissionais<\/a>.<\/p>\n<p><a href=\"https:\/\/powerchip.com.br\/index.php\/como-usar-o-arquivo-comprado\/\">Como usar o arquivo<\/a>.<\/p>\n<p><a href=\"https:\/\/powerchip.com.br\/index.php\/como-comprar\/\">Como comprar<\/a><\/p>\n<p><img loading=\"lazy\" decoding=\"async\" class=\"alignnone size-medium wp-image-1241\" src=\"https:\/\/powerchip.com.br\/wp-content\/uploads\/2025\/12\/bpv2-mais-painel-sem-rpm-300x222.jpg\" alt=\"\" width=\"300\" height=\"222\" srcset=\"https:\/\/powerchip.com.br\/wp-content\/uploads\/2025\/12\/bpv2-mais-painel-sem-rpm-300x222.jpg 300w, https:\/\/powerchip.com.br\/wp-content\/uploads\/2025\/12\/bpv2-mais-painel-sem-rpm.jpg 367w\" sizes=\"auto, (max-width: 300px) 100vw, 300px\" \/><\/p>\n","protected":false},"excerpt":{"rendered":"<p>BPV2 SSA 122 PAINEL SEM RPM CAT93C56,\u00a0 KIT DE ARQUIVOS SOIC DA CENTRAL DE INJE\u00c7AO\u00a0 95160 E DO PAINEL DE INSTRUMENTOS DO FORD K\u00c1. N\u00e3o consegue programar? Casar? E\u00b4Somente voc\u00ea\u00a0 gravar os arquivos e programar as chaves. No lugar\u00a0 do rpm tem marcador de combust\u00edvel. \u00a0 \u00a0\u00a0\u201cLembrete: Este arquivo N\u00c3O\u00a0 necessita de prepara\u00e7\u00e3o espec\u00edfica para [&hellip;]<\/p>\n","protected":false},"featured_media":752,"template":"","meta":{"_joinchat":[]},"product_brand":[],"product_cat":[69],"product_tag":[425,1526,1529,1531,1532,792,453,1528,1530,1527],"class_list":{"0":"post-1238","1":"product","2":"type-product","3":"status-publish","4":"has-post-thumbnail","6":"product_cat-ford","7":"product_tag-425","8":"product_tag-bpv2","9":"product_tag-cat93c56","10":"product_tag-e-do-painel-de-instrumentos","11":"product_tag-ford-ka","12":"product_tag-kit-de-arquivos","13":"product_tag-painel","14":"product_tag-sem-rpm","15":"product_tag-soic-da-central-de-injecao","16":"product_tag-ssa-122","18":"first","19":"instock","20":"downloadable","21":"virtual","22":"purchasable","23":"product-type-simple"},"jetpack_sharing_enabled":true,"_links":{"self":[{"href":"https:\/\/powerchip.com.br\/index.php\/wp-json\/wp\/v2\/product\/1238","targetHints":{"allow":["GET"]}}],"collection":[{"href":"https:\/\/powerchip.com.br\/index.php\/wp-json\/wp\/v2\/product"}],"about":[{"href":"https:\/\/powerchip.com.br\/index.php\/wp-json\/wp\/v2\/types\/product"}],"wp:featuredmedia":[{"embeddable":true,"href":"https:\/\/powerchip.com.br\/index.php\/wp-json\/wp\/v2\/media\/752"}],"wp:attachment":[{"href":"https:\/\/powerchip.com.br\/index.php\/wp-json\/wp\/v2\/media?parent=1238"}],"wp:term":[{"taxonomy":"product_brand","embeddable":true,"href":"https:\/\/powerchip.com.br\/index.php\/wp-json\/wp\/v2\/product_brand?post=1238"},{"taxonomy":"product_cat","embeddable":true,"href":"https:\/\/powerchip.com.br\/index.php\/wp-json\/wp\/v2\/product_cat?post=1238"},{"taxonomy":"product_tag","embeddable":true,"href":"https:\/\/powerchip.com.br\/index.php\/wp-json\/wp\/v2\/product_tag?post=1238"}],"curies":[{"name":"wp","href":"https:\/\/api.w.org\/{rel}","templated":true}]}}