{"id":1221,"date":"2025-12-02T20:41:20","date_gmt":"2025-12-02T20:41:20","guid":{"rendered":"https:\/\/powerchip.com.br\/?post_type=product&#038;p=1221"},"modified":"2025-12-02T20:55:38","modified_gmt":"2025-12-02T20:55:38","slug":"decode-imooff-sem-code-arquivo-para-s10-vectra-2-0-2-2-2-4-1998-a-2001-memoria-24c02","status":"publish","type":"product","link":"https:\/\/powerchip.com.br\/index.php\/produto\/decode-imooff-sem-code-arquivo-para-s10-vectra-2-0-2-2-2-4-1998-a-2001-memoria-24c02\/","title":{"rendered":"DECODE, IMOOFF SEM CODE&#8230;Arquivo para S10  , Vectra  2.0, 2.2 , 2.4  1998  a 2001 memoria 24c02"},"content":{"rendered":"<p>DECODE, IMOOFF SEM CODE&#8230;Arquivo para S10\u00a0 , Vectra 2.0, 2.2 , 2.4 1998 a 2001 memoria 24c02<\/p>\n<p>0250204750<\/p>\n<p>0261204815 D3<\/p>\n<p>0261206931\u00a0 \u00a0ETC<\/p>\n<p><img loading=\"lazy\" decoding=\"async\" class=\"alignnone size-full wp-image-1040\" src=\"https:\/\/powerchip.com.br\/wp-content\/uploads\/2025\/11\/alto-falante.jpg\" alt=\"\" width=\"67\" height=\"55\" \/>\u00a0 \u00a0<strong>\u00a0<\/strong>\u201cLembrete: Este arquivo N\u00c3O\u00a0 necessita de prepara\u00e7\u00e3o espec\u00edfica para a central (ECU) de destino .\u201d<\/p>\n<p>Voc\u00ea receber\u00e1 ap\u00f3s pagar:<\/p>\n<p><strong>A PROMO\u00c7\u00c3O 1 CILINDROS POWERCHIP.<\/strong><\/p>\n<p><img loading=\"lazy\" decoding=\"async\" class=\"alignnone size-full wp-image-1039\" src=\"https:\/\/powerchip.com.br\/wp-content\/uploads\/2025\/11\/veja-acima.jpg\" alt=\"\" width=\"21\" height=\"34\" \/><\/p>\n<p><img loading=\"lazy\" decoding=\"async\" class=\"alignnone size-full wp-image-1042\" src=\"https:\/\/powerchip.com.br\/wp-content\/uploads\/2025\/11\/pistao.jpg\" alt=\"\" width=\"17\" height=\"41\" \/> ARQUIVO DE DECODE, IMOOFF SEM CODE&#8230;Arquivo para S10\u00a0 SOIC 24C02.<\/p>\n<p>&nbsp;<\/p>\n<p>Um profissional saber\u00e1 utilizar isso , ou ap\u00f3s a compra entre em contato.<\/p>\n<p>Mande um e-mail ou chame no Whatzapp. (16)991342577<\/p>\n<p>&nbsp;<\/p>\n<p><a href=\"https:\/\/powerchip.com.br\/index.php\/arquivo-destinado-a-profissionais\/\">Arquivo destinado a profissionais<\/a>.<\/p>\n<p><a href=\"https:\/\/powerchip.com.br\/index.php\/como-usar-o-arquivo-comprado\/\">Como usar o arquivo<\/a>.<\/p>\n<p><a href=\"https:\/\/powerchip.com.br\/index.php\/como-comprar\/\">Como comprar<\/a><\/p>\n<p><img loading=\"lazy\" decoding=\"async\" class=\"alignnone size-medium wp-image-360\" src=\"https:\/\/powerchip.com.br\/wp-content\/uploads\/2025\/10\/foto-de-zip-INJECAO-DECODE--300x198.jpg\" alt=\"\" width=\"300\" height=\"198\" srcset=\"https:\/\/powerchip.com.br\/wp-content\/uploads\/2025\/10\/foto-de-zip-INJECAO-DECODE--300x198.jpg 300w, https:\/\/powerchip.com.br\/wp-content\/uploads\/2025\/10\/foto-de-zip-INJECAO-DECODE--768x506.jpg 768w, https:\/\/powerchip.com.br\/wp-content\/uploads\/2025\/10\/foto-de-zip-INJECAO-DECODE--600x396.jpg 600w, https:\/\/powerchip.com.br\/wp-content\/uploads\/2025\/10\/foto-de-zip-INJECAO-DECODE-.jpg 775w\" sizes=\"auto, (max-width: 300px) 100vw, 300px\" \/><img loading=\"lazy\" decoding=\"async\" class=\"alignnone size-medium wp-image-1222\" src=\"https:\/\/powerchip.com.br\/wp-content\/uploads\/2025\/12\/vectra-s10-blaser-sem-code-2000-300x227.jpg\" alt=\"\" width=\"300\" height=\"227\" srcset=\"https:\/\/powerchip.com.br\/wp-content\/uploads\/2025\/12\/vectra-s10-blaser-sem-code-2000-300x227.jpg 300w, https:\/\/powerchip.com.br\/wp-content\/uploads\/2025\/12\/vectra-s10-blaser-sem-code-2000.jpg 380w\" sizes=\"auto, (max-width: 300px) 100vw, 300px\" \/><\/p>\n","protected":false},"excerpt":{"rendered":"<p>DECODE, IMOOFF SEM CODE&#8230;Arquivo para S10 m155, Vectra 2.0, 2.2 , 2.4 1998 a 2001 memoria 24c02<\/p>\n","protected":false},"featured_media":1222,"template":"","meta":{"_joinchat":[]},"product_brand":[],"product_cat":[81],"product_tag":[1512,1513,1514,700,1509,1510,956,127,236,1511,111,314,1508],"class_list":{"0":"post-1221","1":"product","2":"type-product","3":"status-publish","4":"has-post-thumbnail","6":"product_cat-gm","7":"product_tag-1512","8":"product_tag-0261204815-d3","9":"product_tag-1514","10":"product_tag-2-0","11":"product_tag-2-2","12":"product_tag-2-4-1998-a-2001","13":"product_tag-arquivo-para","14":"product_tag-decode","15":"product_tag-imooff","16":"product_tag-memoria-24c02","17":"product_tag-s10","18":"product_tag-sem-code","19":"product_tag-vectra","21":"first","22":"instock","23":"downloadable","24":"virtual","25":"purchasable","26":"product-type-simple"},"jetpack_sharing_enabled":true,"_links":{"self":[{"href":"https:\/\/powerchip.com.br\/index.php\/wp-json\/wp\/v2\/product\/1221","targetHints":{"allow":["GET"]}}],"collection":[{"href":"https:\/\/powerchip.com.br\/index.php\/wp-json\/wp\/v2\/product"}],"about":[{"href":"https:\/\/powerchip.com.br\/index.php\/wp-json\/wp\/v2\/types\/product"}],"wp:featuredmedia":[{"embeddable":true,"href":"https:\/\/powerchip.com.br\/index.php\/wp-json\/wp\/v2\/media\/1222"}],"wp:attachment":[{"href":"https:\/\/powerchip.com.br\/index.php\/wp-json\/wp\/v2\/media?parent=1221"}],"wp:term":[{"taxonomy":"product_brand","embeddable":true,"href":"https:\/\/powerchip.com.br\/index.php\/wp-json\/wp\/v2\/product_brand?post=1221"},{"taxonomy":"product_cat","embeddable":true,"href":"https:\/\/powerchip.com.br\/index.php\/wp-json\/wp\/v2\/product_cat?post=1221"},{"taxonomy":"product_tag","embeddable":true,"href":"https:\/\/powerchip.com.br\/index.php\/wp-json\/wp\/v2\/product_tag?post=1221"}],"curies":[{"name":"wp","href":"https:\/\/api.w.org\/{rel}","templated":true}]}}